Last updated on 2025-10-21 02:49:15 CEST.
Flavor | Version | Tinstall | Tcheck | Ttotal | Status | Flags |
---|---|---|---|---|---|---|
r-devel-linux-x86_64-debian-clang | 0.1.5 | 4.63 | 59.99 | 64.62 | OK | |
r-devel-linux-x86_64-debian-gcc | 0.1.5 | 3.05 | 42.76 | 45.81 | NOTE | |
r-devel-linux-x86_64-fedora-clang | 0.1.5 | 101.05 | OK | |||
r-devel-linux-x86_64-fedora-gcc | 0.1.5 | 106.12 | OK | |||
r-devel-windows-x86_64 | 0.1.5 | 6.00 | 81.00 | 87.00 | OK | |
r-patched-linux-x86_64 | 0.1.5 | 4.55 | 55.52 | 60.07 | OK | |
r-release-linux-x86_64 | 0.1.5 | 4.47 | 55.68 | 60.15 | OK | |
r-release-macos-arm64 | 0.1.5 | 39.00 | OK | |||
r-release-macos-x86_64 | 0.1.5 | 122.00 | OK | |||
r-release-windows-x86_64 | 0.1.5 | 9.00 | 84.00 | 93.00 | OK | |
r-oldrel-macos-arm64 | 0.1.5 | 44.00 | OK | |||
r-oldrel-macos-x86_64 | 0.1.5 | 148.00 | OK | |||
r-oldrel-windows-x86_64 | 0.1.5 | 9.00 | 98.00 | 107.00 | OK |
Version: 0.1.5
Check: HTML version of manual
Result: NOTE
Found the following HTML validation problems:
internal-methods.html:84:1 (internal-methods.Rd:31): Warning: missing </ul> before </div>
new_aa.html:46:1 (new_aa.Rd:10): Warning: missing </ul> before </div>
new_dna.html:46:1 (new_dna.Rd:10): Warning: missing </ul> before </div>
new_rna.html:46:1 (new_rna.Rd:10): Warning: missing </ul> before </div>
pillar_shaft.bioseq_aa.html:50:1 (pillar_shaft.bioseq_aa.Rd:12): Warning: missing </ul> before </div>
pillar_shaft.bioseq_dna.html:50:1 (pillar_shaft.bioseq_dna.Rd:12): Warning: missing </ul> before </div>
pillar_shaft.bioseq_rna.html:50:1 (pillar_shaft.bioseq_rna.Rd:12): Warning: missing </ul> before </div>
Flavor: r-devel-linux-x86_64-debian-gcc