Last updated on 2025-11-11 00:49:58 CET.
| Flavor | Version | Tinstall | Tcheck | Ttotal | Status | Flags |
|---|---|---|---|---|---|---|
| r-devel-linux-x86_64-debian-clang | 5.1.1 | 26.82 | 196.67 | 223.49 | OK | |
| r-devel-linux-x86_64-debian-gcc | 5.2.0 | 21.16 | 134.78 | 155.94 | OK | |
| r-devel-linux-x86_64-fedora-clang | 5.2.0 | 153.00 | 226.58 | 379.58 | OK | |
| r-devel-linux-x86_64-fedora-gcc | 5.2.0 | 62.00 | 280.35 | 342.35 | OK | |
| r-devel-windows-x86_64 | 5.2.0 | 29.00 | 206.00 | 235.00 | OK | |
| r-patched-linux-x86_64 | 5.1.1 | 28.24 | 183.28 | 211.52 | OK | |
| r-release-linux-x86_64 | 5.1.1 | 26.68 | 181.81 | 208.49 | OK | |
| r-release-macos-arm64 | 5.2.0 | 15.00 | 77.00 | 92.00 | OK | |
| r-release-macos-x86_64 | 5.2.0 | 34.00 | 188.00 | 222.00 | OK | |
| r-release-windows-x86_64 | 5.1.1 | 27.00 | 191.00 | 218.00 | OK | |
| r-oldrel-macos-arm64 | 5.2.0 | 14.00 | 81.00 | 95.00 | NOTE | |
| r-oldrel-macos-x86_64 | 5.2.0 | 32.00 | 184.00 | 216.00 | NOTE | |
| r-oldrel-windows-x86_64 | 5.2.0 | 26.00 | 222.00 | 248.00 | NOTE |
Version: 5.2.0
Check: installed package size
Result: NOTE
installed size is 5.1Mb
sub-directories of 1Mb or more:
R 1.1Mb
biblioshiny 2.9Mb
Flavors: r-oldrel-macos-arm64, r-oldrel-macos-x86_64, r-oldrel-windows-x86_64