CRAN Package Check Results for Package bayesPO

Last updated on 2025-10-21 23:50:48 CEST.

Flavor Version Tinstall Tcheck Ttotal Status Flags
r-devel-linux-x86_64-debian-clang 0.5.0 63.99 51.84 115.83 OK
r-devel-linux-x86_64-debian-gcc 0.5.0 41.09 43.90 84.99 OK
r-devel-linux-x86_64-fedora-clang 0.5.0 98.00 103.77 201.77 OK
r-devel-linux-x86_64-fedora-gcc 0.5.0 119.00 84.82 203.82 OK
r-devel-windows-x86_64 0.5.0 67.00 100.00 167.00 OK
r-patched-linux-x86_64 0.5.0 60.09 56.11 116.20 OK
r-release-linux-x86_64 0.5.0 62.00 56.45 118.45 OK
r-release-macos-arm64 0.5.0 21.00 41.00 62.00 OK
r-release-macos-x86_64 0.5.0 34.00 78.00 112.00 OK
r-release-windows-x86_64 0.5.0 67.00 104.00 171.00 OK
r-oldrel-macos-arm64 0.5.0 21.00 43.00 64.00 NOTE
r-oldrel-macos-x86_64 0.5.0 23.00 53.00 76.00 NOTE
r-oldrel-windows-x86_64 0.5.0 81.00 123.00 204.00 OK

Check Details

Version: 0.5.0
Check: installed package size
Result: NOTE installed size is 12.2Mb sub-directories of 1Mb or more: libs 11.6Mb Flavors: r-oldrel-macos-arm64, r-oldrel-macos-x86_64