Last updated on 2025-11-11 01:49:47 CET.
| Flavor | Version | Tinstall | Tcheck | Ttotal | Status | Flags |
|---|---|---|---|---|---|---|
| r-devel-linux-x86_64-debian-clang | 0.0.3 | 353.04 | 164.97 | 518.01 | NOTE | |
| r-devel-linux-x86_64-debian-gcc | 0.0.4 | 318.50 | 145.09 | 463.59 | OK | |
| r-devel-linux-x86_64-fedora-clang | 0.0.4 | 538.00 | 246.14 | 784.14 | NOTE | |
| r-devel-linux-x86_64-fedora-gcc | 0.0.4 | 960.00 | 77.38 | 1037.38 | NOTE | |
| r-devel-windows-x86_64 | 0.0.3 | 403.00 | 210.00 | 613.00 | NOTE | |
| r-patched-linux-x86_64 | 0.0.3 | 422.70 | 192.62 | 615.32 | NOTE | |
| r-release-linux-x86_64 | 0.0.3 | 431.55 | 191.62 | 623.17 | NOTE | |
| r-release-macos-arm64 | 0.0.4 | 146.00 | 67.00 | 213.00 | OK | |
| r-release-macos-x86_64 | 0.0.4 | 196.00 | 154.00 | 350.00 | OK | |
| r-release-windows-x86_64 | 0.0.3 | 388.00 | 206.00 | 594.00 | NOTE | |
| r-oldrel-macos-arm64 | 0.0.4 | 139.00 | 70.00 | 209.00 | NOTE | |
| r-oldrel-macos-x86_64 | 0.0.4 | 210.00 | 152.00 | 362.00 | NOTE | |
| r-oldrel-windows-x86_64 | 0.0.4 | 255.00 | 221.00 | 476.00 | NOTE |
Version: 0.0.3
Check: Rd cross-references
Result: NOTE
Found the following Rd file(s) with Rd \link{} targets missing package
anchors:
fit_lgmr.Rd: stan_model
infer_data_and_decision_model.Rd: sampling, tibble
Please provide package anchors for all Rd \link{} targets not in the
package itself and the base packages.
Flavors: r-devel-linux-x86_64-debian-clang, r-devel-windows-x86_64, r-patched-linux-x86_64, r-release-linux-x86_64, r-release-windows-x86_64
Version: 0.0.4
Check: dependencies in R code
Result: NOTE
Namespaces in Imports field not imported from:
‘RcppParallel’ ‘rstantools’
All declared Imports should be used.
Flavors: r-devel-linux-x86_64-fedora-clang, r-devel-linux-x86_64-fedora-gcc
Version: 0.0.4
Check: installed package size
Result: NOTE
installed size is 95.4Mb
sub-directories of 1Mb or more:
data 1.2Mb
libs 93.5Mb
Flavors: r-oldrel-macos-arm64, r-oldrel-macos-x86_64, r-oldrel-windows-x86_64
Version: 0.0.4
Check: for GNU extensions in Makefiles
Result: NOTE
GNU make is a SystemRequirements.
Flavors: r-oldrel-macos-arm64, r-oldrel-macos-x86_64, r-oldrel-windows-x86_64