Last updated on 2025-11-12 00:50:24 CET.
| Flavor | Version | Tinstall | Tcheck | Ttotal | Status | Flags |
|---|---|---|---|---|---|---|
| r-devel-linux-x86_64-debian-clang | 0.3.2 | 12.40 | 192.63 | 205.03 | NOTE | |
| r-devel-linux-x86_64-debian-gcc | 0.3.2 | 9.24 | 128.35 | 137.59 | NOTE | |
| r-devel-linux-x86_64-fedora-clang | 0.3.2 | 72.00 | 330.79 | 402.79 | OK | |
| r-devel-linux-x86_64-fedora-gcc | 0.3.2 | 32.00 | 323.17 | 355.17 | OK | |
| r-devel-windows-x86_64 | 0.3.2 | 13.00 | 232.00 | 245.00 | OK | |
| r-patched-linux-x86_64 | 0.3.2 | 13.12 | 192.46 | 205.58 | OK | |
| r-release-linux-x86_64 | 0.3.2 | 13.11 | 190.31 | 203.42 | OK | |
| r-release-macos-arm64 | 0.3.2 | 9.00 | 175.00 | 184.00 | OK | |
| r-release-macos-x86_64 | 0.3.2 | 14.00 | 173.00 | 187.00 | OK | |
| r-release-windows-x86_64 | 0.3.2 | 14.00 | 223.00 | 237.00 | OK | |
| r-oldrel-macos-arm64 | 0.3.2 | 5.00 | 114.00 | 119.00 | OK | |
| r-oldrel-macos-x86_64 | 0.3.2 | 10.00 | 148.00 | 158.00 | OK | |
| r-oldrel-windows-x86_64 | 0.3.2 | 20.00 | 291.00 | 311.00 | OK |
Version: 0.3.2
Check: CRAN incoming feasibility
Result: NOTE
Maintainer: ‘Krämer Konrad <konrad_kraemer@yahoo.de>’
No Authors@R field in DESCRIPTION.
Please add one, modifying
Authors@R: person(given = "Krämer",
family = "Konrad",
role = c("aut", "cre"),
email = "konrad_kraemer@yahoo.de")
as necessary.
The BugReports field in DESCRIPTION has
https://github.com/Konrad1991/ast2ast
which should likely be
https://github.com/Konrad1991/ast2ast/issues
instead.
Flavors: r-devel-linux-x86_64-debian-clang, r-devel-linux-x86_64-debian-gcc