CRAN Package Check Results for Package aspi

Last updated on 2025-11-12 01:48:52 CET.

Flavor Version Tinstall Tcheck Ttotal Status Flags
r-devel-linux-x86_64-debian-clang 0.2.0 1.59 27.89 29.48 NOTE
r-devel-linux-x86_64-debian-gcc 0.2.0 1.38 22.82 24.20 NOTE
r-devel-linux-x86_64-fedora-clang 0.2.0 52.01 OK
r-devel-linux-x86_64-fedora-gcc 0.2.0 55.59 OK
r-devel-windows-x86_64 0.2.0 2.00 47.00 49.00 OK
r-patched-linux-x86_64 0.2.0 1.90 25.49 27.39 OK
r-release-linux-x86_64 0.2.0 1.53 25.68 27.21 OK
r-release-macos-arm64 0.2.0 1.00 24.00 25.00 OK
r-release-macos-x86_64 0.2.0 2.00 41.00 43.00 OK
r-release-windows-x86_64 0.2.0 3.00 46.00 49.00 OK
r-oldrel-macos-arm64 0.2.0 1.00 26.00 27.00 OK
r-oldrel-macos-x86_64 0.2.0 2.00 51.00 53.00 OK
r-oldrel-windows-x86_64 0.2.0 4.00 52.00 56.00 OK

Check Details

Version: 0.2.0
Check: CRAN incoming feasibility
Result: NOTE Maintainer: ‘Matt Wayland <mw283@cam.ac.uk>’ No Authors@R field in DESCRIPTION. Please add one, modifying Authors@R: person(given = "Matt", family = "Wayland", role = c("aut", "cre"), email = "mw283@cam.ac.uk") as necessary. Flavors: r-devel-linux-x86_64-debian-clang, r-devel-linux-x86_64-debian-gcc