CRAN Package Check Results for Package asaur

Last updated on 2025-11-22 22:50:58 CET.

Flavor Version Tinstall Tcheck Ttotal Status Flags
r-devel-linux-x86_64-debian-clang 0.50 1.23 16.64 17.87 NOTE
r-devel-linux-x86_64-debian-gcc 0.50 1.02 13.23 14.25 NOTE
r-devel-linux-x86_64-fedora-clang 0.50 25.13 OK
r-devel-windows-x86_64 0.50 2.00 38.00 40.00 OK
r-patched-linux-x86_64 0.50 1.43 15.02 16.45 OK
r-release-linux-x86_64 0.50 1.28 15.19 16.47 OK
r-release-macos-arm64 0.50 OK
r-release-macos-x86_64 0.50 1.00 23.00 24.00 OK
r-release-windows-x86_64 0.50 2.00 37.00 39.00 OK
r-oldrel-macos-arm64 0.50 OK
r-oldrel-macos-x86_64 0.50 1.00 16.00 17.00 OK
r-oldrel-windows-x86_64 0.50 2.00 39.00 41.00 OK

Check Details

Version: 0.50
Check: CRAN incoming feasibility
Result: NOTE Maintainer: ‘Dirk F. Moore <dirkfmoore@gmail.com>’ No Authors@R field in DESCRIPTION. Please add one, modifying Authors@R: person(given = c("Dirk", "F."), family = "Moore", role = c("aut", "cre"), email = "dirkfmoore@gmail.com") as necessary. Flavors: r-devel-linux-x86_64-debian-clang, r-devel-linux-x86_64-debian-gcc