Last updated on 2025-11-11 01:49:46 CET.
| Flavor | Version | Tinstall | Tcheck | Ttotal | Status | Flags |
|---|---|---|---|---|---|---|
| r-devel-linux-x86_64-debian-clang | 0.3.5 | 6.58 | 66.55 | 73.13 | OK | |
| r-devel-linux-x86_64-debian-gcc | 0.3.5 | 4.49 | 47.29 | 51.78 | OK | |
| r-devel-linux-x86_64-fedora-clang | 0.3.5 | 19.00 | 98.75 | 117.75 | OK | |
| r-devel-linux-x86_64-fedora-gcc | 0.3.5 | 14.00 | 109.15 | 123.15 | OK | |
| r-devel-windows-x86_64 | 0.3.5 | 9.00 | 74.00 | 83.00 | OK | |
| r-patched-linux-x86_64 | 0.3.5 | 6.92 | 60.79 | 67.71 | OK | |
| r-release-linux-x86_64 | 0.3.5 | 6.44 | 60.69 | 67.13 | OK | |
| r-release-macos-arm64 | 0.3.5 | 4.00 | 46.00 | 50.00 | OK | |
| r-release-macos-x86_64 | 0.3.5 | 6.00 | 67.00 | 73.00 | OK | |
| r-release-windows-x86_64 | 0.3.5 | 9.00 | 72.00 | 81.00 | OK | |
| r-oldrel-macos-arm64 | 0.3.5 | 3.00 | 37.00 | 40.00 | NOTE | |
| r-oldrel-macos-x86_64 | 0.3.5 | 5.00 | 65.00 | 70.00 | NOTE | |
| r-oldrel-windows-x86_64 | 0.3.5 | 11.00 | 93.00 | 104.00 | NOTE |
Version: 0.3.5
Check: LazyData
Result: NOTE
'LazyData' is specified without a 'data' directory
Flavors: r-oldrel-macos-arm64, r-oldrel-macos-x86_64, r-oldrel-windows-x86_64