CRAN Package Check Results for Package argonR

Last updated on 2025-11-12 00:50:24 CET.

Flavor Version Tinstall Tcheck Ttotal Status Flags
r-devel-linux-x86_64-debian-clang 0.2.0 3.14 31.78 34.92 OK
r-devel-linux-x86_64-debian-gcc 0.2.0 2.37 24.80 27.17 OK
r-devel-linux-x86_64-fedora-clang 0.2.0 51.61 OK
r-devel-linux-x86_64-fedora-gcc 0.2.0 62.60 OK
r-devel-windows-x86_64 0.2.0 6.00 57.00 63.00 OK
r-patched-linux-x86_64 0.2.0 3.74 29.19 32.93 OK
r-release-linux-x86_64 0.2.0 3.09 28.99 32.08 OK
r-release-macos-arm64 0.2.0 2.00 34.00 36.00 OK
r-release-macos-x86_64 0.2.0 3.00 56.00 59.00 OK
r-release-windows-x86_64 0.2.0 7.00 56.00 63.00 OK
r-oldrel-macos-arm64 0.2.0 2.00 23.00 25.00 NOTE
r-oldrel-macos-x86_64 0.2.0 4.00 41.00 45.00 NOTE
r-oldrel-windows-x86_64 0.2.0 7.00 61.00 68.00 NOTE

Check Details

Version: 0.2.0
Check: LazyData
Result: NOTE 'LazyData' is specified without a 'data' directory Flavors: r-oldrel-macos-arm64, r-oldrel-macos-x86_64, r-oldrel-windows-x86_64