Last updated on 2025-11-12 01:48:52 CET.
| Flavor | Version | Tinstall | Tcheck | Ttotal | Status | Flags |
|---|---|---|---|---|---|---|
| r-devel-linux-x86_64-debian-clang | 1.1.12 | 21.98 | 41.33 | 63.31 | OK | |
| r-devel-linux-x86_64-debian-gcc | 1.1.12 | 16.09 | 31.40 | 47.49 | OK | |
| r-devel-linux-x86_64-fedora-clang | 1.1.12 | 63.00 | 50.89 | 113.89 | OK | |
| r-devel-linux-x86_64-fedora-gcc | 1.1.12 | 52.00 | 51.00 | 103.00 | OK | |
| r-devel-windows-x86_64 | 1.1.12 | 63.00 | 83.00 | 146.00 | OK | |
| r-patched-linux-x86_64 | 1.1.12 | 23.05 | 37.85 | 60.90 | OK | |
| r-release-linux-x86_64 | 1.1.12 | 22.92 | 37.81 | 60.73 | OK | |
| r-release-macos-arm64 | 1.1.12 | 14.00 | 26.00 | 40.00 | OK | |
| r-release-macos-x86_64 | 1.1.12 | 15.00 | 38.00 | 53.00 | OK | |
| r-release-windows-x86_64 | 1.1.12 | 60.00 | 79.00 | 139.00 | OK | |
| r-oldrel-macos-arm64 | 1.1.12 | 12.00 | 26.00 | 38.00 | NOTE | |
| r-oldrel-macos-x86_64 | 1.1.12 | 17.00 | 41.00 | 58.00 | NOTE | |
| r-oldrel-windows-x86_64 | 1.1.12 | 71.00 | 103.00 | 174.00 | OK |
Version: 1.1.12
Check: installed package size
Result: NOTE
installed size is 6.3Mb
sub-directories of 1Mb or more:
libs 6.1Mb
Flavors: r-oldrel-macos-arm64, r-oldrel-macos-x86_64