Last updated on 2025-11-12 01:48:52 CET.
| Flavor | Version | Tinstall | Tcheck | Ttotal | Status | Flags |
|---|---|---|---|---|---|---|
| r-devel-linux-x86_64-debian-clang | 0.4.0 | 110.52 | 49.26 | 159.78 | OK | |
| r-devel-linux-x86_64-debian-gcc | 0.4.0 | 95.20 | 37.98 | 133.18 | OK | |
| r-devel-linux-x86_64-fedora-clang | 0.4.0 | 186.00 | 64.86 | 250.86 | OK | |
| r-devel-linux-x86_64-fedora-gcc | 0.4.0 | 192.00 | 52.26 | 244.26 | OK | |
| r-devel-windows-x86_64 | 0.4.0 | 190.00 | 78.00 | 268.00 | OK | |
| r-patched-linux-x86_64 | 0.4.0 | 120.31 | 45.54 | 165.85 | OK | |
| r-release-linux-x86_64 | 0.4.0 | 115.60 | 46.06 | 161.66 | OK | |
| r-release-macos-arm64 | 0.4.0 | 50.00 | 29.00 | 79.00 | OK | |
| r-release-macos-x86_64 | 0.4.0 | 92.00 | 43.00 | 135.00 | OK | |
| r-release-windows-x86_64 | 0.4.0 | 139.00 | 81.00 | 220.00 | OK | |
| r-oldrel-macos-arm64 | 0.4.0 | 49.00 | 36.00 | 85.00 | NOTE | |
| r-oldrel-macos-x86_64 | 0.4.0 | 78.00 | 51.00 | 129.00 | NOTE | |
| r-oldrel-windows-x86_64 | 0.4.0 | 161.00 | 93.00 | 254.00 | NOTE |
Version: 0.4.0
Check: package dependencies
Result: NOTE
Package suggested but not available for checking: ‘arcgisbinding’
Flavors: r-oldrel-macos-arm64, r-oldrel-macos-x86_64, r-oldrel-windows-x86_64