Last updated on 2025-11-11 23:51:20 CET.
| Flavor | Version | Tinstall | Tcheck | Ttotal | Status | Flags |
|---|---|---|---|---|---|---|
| r-devel-linux-x86_64-debian-clang | 2.0.8 | 7.38 | 52.75 | 60.13 | OK | |
| r-devel-linux-x86_64-debian-gcc | 2.0.8 | 5.06 | 37.67 | 42.73 | OK | |
| r-devel-linux-x86_64-fedora-clang | 2.0.8 | 27.00 | 70.22 | 97.22 | OK | |
| r-devel-linux-x86_64-fedora-gcc | 2.0.8 | 16.00 | 70.28 | 86.28 | OK | |
| r-devel-windows-x86_64 | 2.0.8 | 10.00 | 64.00 | 74.00 | OK | |
| r-patched-linux-x86_64 | 2.0.8 | 6.69 | 49.01 | 55.70 | OK | |
| r-release-linux-x86_64 | 2.0.8 | 6.34 | 49.34 | 55.68 | OK | |
| r-release-macos-arm64 | 2.0.8 | 3.00 | 25.00 | 28.00 | OK | |
| r-release-macos-x86_64 | 2.0.8 | 8.00 | 44.00 | 52.00 | OK | |
| r-release-windows-x86_64 | 2.0.8 | 10.00 | 63.00 | 73.00 | OK | |
| r-oldrel-macos-arm64 | 2.0.8 | 3.00 | 24.00 | 27.00 | OK | |
| r-oldrel-macos-x86_64 | 2.0.8 | 5.00 | 34.00 | 39.00 | OK | |
| r-oldrel-windows-x86_64 | 2.0.8 | 1.00 | 9.00 | 10.00 | ERROR |
Version: 2.0.8
Check: package dependencies
Result: ERROR
Package required but not available: 'MBESS'
See section 'The DESCRIPTION file' in the 'Writing R Extensions'
manual.
Flavor: r-oldrel-windows-x86_64