Last updated on 2025-11-12 01:48:52 CET.
| Flavor | Version | Tinstall | Tcheck | Ttotal | Status | Flags |
|---|---|---|---|---|---|---|
| r-devel-linux-x86_64-debian-clang | 0.3.4 | 5.64 | 58.90 | 64.54 | OK | |
| r-devel-linux-x86_64-debian-gcc | 0.3.4 | 4.25 | 42.36 | 46.61 | OK | |
| r-devel-linux-x86_64-fedora-clang | 0.3.4 | 18.00 | 85.90 | 103.90 | OK | |
| r-devel-linux-x86_64-fedora-gcc | 0.3.4 | 12.00 | 96.24 | 108.24 | OK | |
| r-devel-windows-x86_64 | 0.3.4 | 8.00 | 78.00 | 86.00 | OK | |
| r-patched-linux-x86_64 | 0.3.4 | 5.92 | 56.10 | 62.02 | OK | |
| r-release-linux-x86_64 | 0.3.4 | 5.28 | 55.88 | 61.16 | OK | |
| r-release-macos-arm64 | 0.3.4 | 2.00 | 36.00 | 38.00 | OK | |
| r-release-macos-x86_64 | 0.3.4 | 4.00 | 65.00 | 69.00 | OK | |
| r-release-windows-x86_64 | 0.3.4 | 9.00 | 76.00 | 85.00 | OK | |
| r-oldrel-macos-arm64 | 0.3.4 | 2.00 | 32.00 | 34.00 | OK | |
| r-oldrel-macos-x86_64 | 0.3.4 | 4.00 | 48.00 | 52.00 | OK | |
| r-oldrel-windows-x86_64 | 0.3.4 | 1.00 | 9.00 | 10.00 | ERROR |
Version: 0.3.4
Check: package dependencies
Result: ERROR
Package required but not available: 'MBESS'
See section 'The DESCRIPTION file' in the 'Writing R Extensions'
manual.
Flavor: r-oldrel-windows-x86_64