Last updated on 2025-11-11 01:49:46 CET.
| Flavor | Version | Tinstall | Tcheck | Ttotal | Status | Flags |
|---|---|---|---|---|---|---|
| r-devel-linux-x86_64-debian-clang | 1.2.0 | 0.33 | 2.54 | 2.87 | ERROR | |
| r-devel-linux-x86_64-debian-gcc | 1.2.0 | 0.25 | 2.20 | 2.45 | ERROR | |
| r-devel-linux-x86_64-fedora-clang | 1.2.0 | 2.65 | ERROR | |||
| r-devel-linux-x86_64-fedora-gcc | 1.2.0 | 2.34 | ERROR | |||
| r-devel-windows-x86_64 | 1.2.0 | 7.00 | 67.00 | 74.00 | OK | |
| r-patched-linux-x86_64 | 1.2.0 | 0.26 | 1.81 | 2.07 | ERROR | |
| r-release-linux-x86_64 | 1.2.0 | 0.33 | 1.70 | 2.03 | ERROR | |
| r-release-macos-arm64 | 1.2.0 | 2.00 | 24.00 | 26.00 | OK | |
| r-release-macos-x86_64 | 1.2.0 | 6.00 | 42.00 | 48.00 | OK | |
| r-release-windows-x86_64 | 1.2.0 | 3.00 | 5.00 | 8.00 | ERROR | |
| r-oldrel-macos-arm64 | 1.2.0 | 3.00 | 27.00 | 30.00 | OK | |
| r-oldrel-macos-x86_64 | 1.2.0 | 6.00 | 47.00 | 53.00 | OK | |
| r-oldrel-windows-x86_64 | 1.2.0 | 3.00 | 9.00 | 12.00 | ERROR |
Version: 1.2.0
Check: package dependencies
Result: ERROR
Package required but not available: ‘tidyjson’
See section ‘The DESCRIPTION file’ in the ‘Writing R Extensions’
manual.
Flavors: r-devel-linux-x86_64-debian-clang, r-devel-linux-x86_64-debian-gcc, r-devel-linux-x86_64-fedora-clang, r-devel-linux-x86_64-fedora-gcc, r-patched-linux-x86_64, r-release-linux-x86_64
Version: 1.2.0
Check: whether package can be installed
Result: ERROR
Installation failed.
Flavors: r-release-windows-x86_64, r-oldrel-windows-x86_64