CRAN Package Check Results for Package airnow

Last updated on 2025-11-24 01:48:31 CET.

Flavor Version Tinstall Tcheck Ttotal Status Flags
r-devel-linux-x86_64-debian-clang 0.1.0 2.60 36.07 38.67 NOTE
r-devel-linux-x86_64-debian-gcc 0.1.0 2.17 28.58 30.75 NOTE
r-devel-linux-x86_64-fedora-clang 0.1.0 56.99 NOTE
r-devel-windows-x86_64 0.1.0 6.00 51.00 57.00 NOTE
r-patched-linux-x86_64 0.1.0 2.69 32.96 35.65 NOTE
r-release-linux-x86_64 0.1.0 2.94 33.21 36.15 NOTE
r-release-macos-arm64 0.1.0 NOTE
r-release-macos-x86_64 0.1.0 3.00 35.00 38.00 NOTE
r-release-windows-x86_64 0.1.0 5.00 51.00 56.00 NOTE
r-oldrel-macos-arm64 0.1.0 NOTE
r-oldrel-macos-x86_64 0.1.0 2.00 28.00 30.00 NOTE
r-oldrel-windows-x86_64 0.1.0 5.00 59.00 64.00 NOTE

Check Details

Version: 0.1.0
Check: Rd files
Result: NOTE checkRd: (-1) get_airnow_area.Rd:25: Lost braces; missing escapes or markup? 25 | \item{parameters}{Parameter(s) to return data for. Choices are PM_{2.5} | ^ Flavors: r-devel-linux-x86_64-debian-clang, r-devel-linux-x86_64-debian-gcc, r-devel-linux-x86_64-fedora-clang, r-devel-windows-x86_64, r-patched-linux-x86_64, r-release-linux-x86_64, r-release-macos-arm64, r-release-macos-x86_64, r-release-windows-x86_64, r-oldrel-macos-arm64, r-oldrel-macos-x86_64, r-oldrel-windows-x86_64