CRAN Package Check Results for Package adestr

Last updated on 2025-11-12 01:48:51 CET.

Flavor Version Tinstall Tcheck Ttotal Status Flags
r-devel-linux-x86_64-debian-clang 1.0.0 30.43 254.22 284.65 NOTE
r-devel-linux-x86_64-debian-gcc 1.0.0 16.13 151.46 167.59 NOTE
r-devel-linux-x86_64-fedora-clang 1.0.0 177.00 310.51 487.51 NOTE
r-devel-linux-x86_64-fedora-gcc 1.0.0 61.00 364.61 425.61 NOTE
r-devel-windows-x86_64 1.0.0 29.00 220.00 249.00 NOTE
r-patched-linux-x86_64 1.0.0 25.94 234.21 260.15 NOTE
r-release-linux-x86_64 1.0.0 25.49 235.44 260.93 NOTE
r-release-macos-arm64 1.0.0 12.00 88.00 100.00 NOTE
r-release-macos-x86_64 1.0.0 21.00 160.00 181.00 NOTE
r-release-windows-x86_64 1.0.0 30.00 210.00 240.00 NOTE
r-oldrel-macos-arm64 1.0.0 8.00 56.00 64.00 OK
r-oldrel-macos-x86_64 1.0.0 22.00 112.00 134.00 OK
r-oldrel-windows-x86_64 1.0.0 42.00 318.00 360.00 OK

Check Details

Version: 1.0.0
Check: DESCRIPTION meta-information
Result: NOTE Missing dependency on R >= 4.1.0 because package code uses the pipe |> or function shorthand \(...) syntax added in R 4.1.0. File(s) using such syntax: ‘IntervalEstimator-class.Rd’ ‘PValue-class.Rd’ ‘PointEstimator-class.Rd’ ‘analyze.R’ ‘estimators.R’ ‘evaluate_estimator.R’ ‘fisher_information.R’ ‘integrate_over_sample_space.R’ ‘mle_distribution.R’ ‘n2c2_helpers.R’ ‘plot.R’ ‘print.R’ ‘reference_implementation.R’ Flavors: r-devel-linux-x86_64-debian-clang, r-devel-linux-x86_64-debian-gcc, r-devel-linux-x86_64-fedora-clang, r-devel-linux-x86_64-fedora-gcc, r-devel-windows-x86_64, r-patched-linux-x86_64, r-release-linux-x86_64, r-release-macos-arm64, r-release-windows-x86_64

Version: 1.0.0
Check: DESCRIPTION meta-information
Result: NOTE Missing dependency on R >= 4.1.0 because package code uses the pipe |> or function shorthand \(...) syntax added in R 4.1.0. File(s) using such syntax: ‘analyze.R’ ‘estimators.R’ ‘evaluate_estimator.R’ ‘fisher_information.R’ ‘integrate_over_sample_space.R’ ‘mle_distribution.R’ ‘n2c2_helpers.R’ ‘plot.R’ ‘print.R’ ‘reference_implementation.R’ Flavor: r-release-macos-x86_64