Last updated on 2025-11-12 00:50:23 CET.
| Flavor | Version | Tinstall | Tcheck | Ttotal | Status | Flags |
|---|---|---|---|---|---|---|
| r-devel-linux-x86_64-debian-clang | 1.7-23 | 74.97 | 312.19 | 387.16 | NOTE | |
| r-devel-linux-x86_64-debian-gcc | 1.7-23 | 44.29 | 200.42 | 244.71 | NOTE | |
| r-devel-linux-x86_64-fedora-clang | 1.7-23 | 150.00 | 465.43 | 615.43 | NOTE | |
| r-devel-linux-x86_64-fedora-gcc | 1.7-23 | 136.00 | 468.87 | 604.87 | NOTE | |
| r-devel-windows-x86_64 | 1.7-23 | 82.00 | 403.00 | 485.00 | NOTE | |
| r-patched-linux-x86_64 | 1.7-23 | 77.86 | 301.30 | 379.16 | OK | |
| r-release-linux-x86_64 | 1.7-23 | 66.73 | 296.51 | 363.24 | OK | |
| r-release-macos-arm64 | 1.7-23 | 25.00 | 137.00 | 162.00 | OK | |
| r-release-macos-x86_64 | 1.7-23 | 70.00 | 337.00 | 407.00 | OK | |
| r-release-windows-x86_64 | 1.7-23 | 82.00 | 395.00 | 477.00 | OK | |
| r-oldrel-macos-arm64 | 1.7-23 | 23.00 | 123.00 | 146.00 | NOTE | |
| r-oldrel-macos-x86_64 | 1.7-23 | 64.00 | 328.00 | 392.00 | NOTE | |
| r-oldrel-windows-x86_64 | 1.7-23 | 105.00 | 501.00 | 606.00 | NOTE |
Version: 1.7-23
Check: Rd files
Result: NOTE
checkRd: (-1) aravo.Rd:22-33: Only 3 columns allowed in this table (row 1 has 2)
checkRd: (-1) aravo.Rd:22-33: Only 3 columns allowed in this table (row 2 has 2)
checkRd: (-1) aravo.Rd:22-33: Only 3 columns allowed in this table (row 3 has 2)
checkRd: (-1) aravo.Rd:22-33: Only 3 columns allowed in this table (row 4 has 2)
checkRd: (-1) aravo.Rd:22-33: Only 3 columns allowed in this table (row 5 has 2)
checkRd: (-1) aravo.Rd:22-33: Only 3 columns allowed in this table (row 6 has 2)
Flavors: r-devel-linux-x86_64-debian-clang, r-devel-linux-x86_64-debian-gcc, r-devel-linux-x86_64-fedora-clang, r-devel-linux-x86_64-fedora-gcc, r-devel-windows-x86_64
Version: 1.7-23
Check: dependencies in R code
Result: NOTE
Namespace in Imports field not imported from: ‘sp’
All declared Imports should be used.
Flavors: r-devel-linux-x86_64-fedora-clang, r-devel-linux-x86_64-fedora-gcc
Version: 1.7-23
Check: installed package size
Result: NOTE
installed size is 9.3Mb
sub-directories of 1Mb or more:
R 2.0Mb
data 2.9Mb
libs 2.6Mb
Flavors: r-oldrel-macos-arm64, r-oldrel-macos-x86_64, r-oldrel-windows-x86_64