Last updated on 2025-11-22 01:48:59 CET.
| Flavor | Version | Tinstall | Tcheck | Ttotal | Status | Flags |
|---|---|---|---|---|---|---|
| r-devel-linux-x86_64-debian-clang | 0.1.0 | 1.79 | 24.47 | 26.26 | OK | |
| r-devel-linux-x86_64-debian-gcc | 0.1.0 | 1.30 | 20.46 | 21.76 | OK | |
| r-devel-linux-x86_64-fedora-clang | 0.1.0 | 37.00 | NOTE | |||
| r-devel-windows-x86_64 | 0.1.0 | 4.00 | 47.00 | 51.00 | OK | |
| r-patched-linux-x86_64 | 0.1.0 | 1.94 | 22.22 | 24.16 | OK | |
| r-release-linux-x86_64 | 0.1.0 | 1.84 | 22.46 | 24.30 | OK | |
| r-release-macos-arm64 | 0.1.0 | OK | ||||
| r-release-macos-x86_64 | 0.1.0 | 2.00 | 39.00 | 41.00 | OK | |
| r-release-windows-x86_64 | 0.1.0 | 4.00 | 47.00 | 51.00 | OK | |
| r-oldrel-macos-arm64 | 0.1.0 | NOTE | ||||
| r-oldrel-macos-x86_64 | 0.1.0 | 2.00 | 22.00 | 24.00 | NOTE | |
| r-oldrel-windows-x86_64 | 0.1.0 | 4.00 | 51.00 | 55.00 | NOTE |
Version: 0.1.0
Check: dependencies in R code
Result: NOTE
Namespace in Imports field not imported from: ‘hunspell’
All declared Imports should be used.
Flavor: r-devel-linux-x86_64-fedora-clang
Version: 0.1.0
Check: LazyData
Result: NOTE
'LazyData' is specified without a 'data' directory
Flavors: r-oldrel-macos-arm64, r-oldrel-macos-x86_64, r-oldrel-windows-x86_64
Version: 0.1.0
Check: package dependencies
Result: NOTE
Package suggested but not available for checking: ‘testthat’
Flavor: r-oldrel-macos-x86_64