CRAN Package Check Results for Package acc

Last updated on 2025-11-12 01:48:51 CET.

Flavor Version Tinstall Tcheck Ttotal Status Flags
r-devel-linux-x86_64-debian-clang 1.3.3 43.94 86.72 130.66 NOTE
r-devel-linux-x86_64-debian-gcc 1.3.3 28.29 61.95 90.24 NOTE
r-devel-linux-x86_64-fedora-clang 1.3.3 232.00 3.79 235.79 NOTE
r-devel-linux-x86_64-fedora-gcc 1.3.3 99.00 103.48 202.48 NOTE
r-devel-windows-x86_64 1.3.3 54.00 110.00 164.00 OK
r-patched-linux-x86_64 1.3.3 41.61 82.16 123.77 OK
r-release-linux-x86_64 1.3.3 39.91 82.14 122.05 OK
r-release-macos-arm64 1.3.3 16.00 30.00 46.00 OK
r-release-macos-x86_64 1.3.3 19.00 62.00 81.00 OK
r-release-windows-x86_64 1.3.3 55.00 108.00 163.00 OK
r-oldrel-macos-arm64 1.3.3 20.00 31.00 51.00 OK
r-oldrel-macos-x86_64 1.3.3 19.00 53.00 72.00 OK
r-oldrel-windows-x86_64 1.3.3 67.00 137.00 204.00 OK

Check Details

Version: 1.3.3
Check: CRAN incoming feasibility
Result: NOTE Maintainer: ‘Jaejoon Song <jjsong2@mdanderson.org>’ No Authors@R field in DESCRIPTION. Please add one, modifying Authors@R: c(person(given = "Jaejoon", family = "Song", role = c("aut", "cre"), email = "jjsong2@mdanderson.org"), person(given = c("Matthew", "G."), family = "Cox", role = "aut")) as necessary. Flavors: r-devel-linux-x86_64-debian-clang, r-devel-linux-x86_64-debian-gcc

Version: 1.3.3
Check: compiled code
Result: NOTE File ‘acc/libs/acc.so’: Found no calls to: ‘R_registerRoutines’, ‘R_useDynamicSymbols’ It is good practice to register native routines and to disable symbol search. See ‘Writing portable packages’ in the ‘Writing R Extensions’ manual. Flavors: r-devel-linux-x86_64-fedora-clang, r-devel-linux-x86_64-fedora-gcc