Last updated on 2025-11-12 01:49:15 CET.
| Flavor | Version | Tinstall | Tcheck | Ttotal | Status | Flags |
|---|---|---|---|---|---|---|
| r-devel-linux-x86_64-debian-clang | 0.2 | 8.47 | 69.24 | 77.71 | NOTE | |
| r-devel-linux-x86_64-debian-gcc | 0.2 | 5.59 | 49.90 | 55.49 | NOTE | |
| r-devel-linux-x86_64-fedora-clang | 0.2 | 16.00 | 101.97 | 117.97 | OK | |
| r-devel-linux-x86_64-fedora-gcc | 0.2 | 19.00 | 95.82 | 114.82 | OK | |
| r-devel-windows-x86_64 | 0.2 | 11.00 | 74.00 | 85.00 | OK | |
| r-patched-linux-x86_64 | 0.2 | 6.87 | 64.67 | 71.54 | OK | |
| r-release-linux-x86_64 | 0.2 | 6.35 | 65.73 | 72.08 | OK | |
| r-release-macos-arm64 | 0.2 | 3.00 | 26.00 | 29.00 | OK | |
| r-release-macos-x86_64 | 0.2 | 9.00 | 54.00 | 63.00 | OK | |
| r-release-windows-x86_64 | 0.2 | 11.00 | 74.00 | 85.00 | OK | |
| r-oldrel-macos-arm64 | 0.2 | 3.00 | 25.00 | 28.00 | OK | |
| r-oldrel-macos-x86_64 | 0.2 | 5.00 | 42.00 | 47.00 | OK | |
| r-oldrel-windows-x86_64 | 0.2 | 13.00 | 94.00 | 107.00 | OK |
Version: 0.2
Check: CRAN incoming feasibility
Result: NOTE
Maintainer: ‘David Beiner <zra.r.package@gmail.com>’
No Authors@R field in DESCRIPTION.
Please add one, modifying
Authors@R: person(given = "David",
family = "Beiner",
role = c("aut", "cre"),
email = "zra.r.package@gmail.com")
as necessary.
Flavors: r-devel-linux-x86_64-debian-clang, r-devel-linux-x86_64-debian-gcc