Last updated on 2025-11-12 01:49:15 CET.
| Flavor | Version | Tinstall | Tcheck | Ttotal | Status | Flags |
|---|---|---|---|---|---|---|
| r-devel-linux-x86_64-debian-clang | 1.0 | 6.25 | 80.09 | 86.34 | NOTE | |
| r-devel-linux-x86_64-debian-gcc | 1.0 | 5.22 | 57.03 | 62.25 | NOTE | |
| r-devel-linux-x86_64-fedora-clang | 1.0 | 13.00 | 122.70 | 135.70 | OK | |
| r-devel-linux-x86_64-fedora-gcc | 1.0 | 15.00 | 134.65 | 149.65 | OK | |
| r-devel-windows-x86_64 | 1.0 | 8.00 | 89.00 | 97.00 | OK | |
| r-patched-linux-x86_64 | 1.0 | 6.62 | 76.25 | 82.87 | OK | |
| r-release-linux-x86_64 | 1.0 | 6.31 | 76.10 | 82.41 | OK | |
| r-release-macos-arm64 | 1.0 | 3.00 | 51.00 | 54.00 | OK | |
| r-release-macos-x86_64 | 1.0 | 6.00 | 89.00 | 95.00 | OK | |
| r-release-windows-x86_64 | 1.0 | 8.00 | 88.00 | 96.00 | OK | |
| r-oldrel-macos-arm64 | 1.0 | 3.00 | 40.00 | 43.00 | OK | |
| r-oldrel-macos-x86_64 | 1.0 | 5.00 | 65.00 | 70.00 | OK | |
| r-oldrel-windows-x86_64 | 1.0 | 10.00 | 111.00 | 121.00 | OK |
Version: 1.0
Check: CRAN incoming feasibility
Result: NOTE
Maintainer: ‘Lu Mao <lmao@biostat.wisc.edu>’
No Authors@R field in DESCRIPTION.
Please add one, modifying
Authors@R: person(given = "Lu",
family = "Mao",
role = c("aut", "cre"),
email = "lmao@biostat.wisc.edu")
as necessary.
Flavors: r-devel-linux-x86_64-debian-clang, r-devel-linux-x86_64-debian-gcc