Last updated on 2025-11-12 01:49:15 CET.
| Flavor | Version | Tinstall | Tcheck | Ttotal | Status | Flags |
|---|---|---|---|---|---|---|
| r-devel-linux-x86_64-debian-clang | 2.1 | 13.20 | 104.88 | 118.08 | NOTE | |
| r-devel-linux-x86_64-debian-gcc | 2.1 | 8.20 | 74.29 | 82.49 | NOTE | |
| r-devel-linux-x86_64-fedora-clang | 2.1 | 37.00 | 148.11 | 185.11 | OK | |
| r-devel-linux-x86_64-fedora-gcc | 2.1 | 26.00 | 180.71 | 206.71 | OK | |
| r-devel-windows-x86_64 | 2.1 | 14.00 | 108.00 | 122.00 | OK | |
| r-patched-linux-x86_64 | 2.1 | 11.90 | 99.14 | 111.04 | OK | |
| r-release-linux-x86_64 | 2.1 | 12.07 | 101.00 | 113.07 | OK | |
| r-release-macos-arm64 | 2.1 | 5.00 | 51.00 | 56.00 | OK | |
| r-release-macos-x86_64 | 2.1 | 9.00 | 92.00 | 101.00 | OK | |
| r-release-windows-x86_64 | 2.1 | 15.00 | 108.00 | 123.00 | OK | |
| r-oldrel-macos-arm64 | 2.1 | 5.00 | 48.00 | 53.00 | OK | |
| r-oldrel-macos-x86_64 | 2.1 | 8.00 | 71.00 | 79.00 | OK | |
| r-oldrel-windows-x86_64 | 2.1 | 20.00 | 139.00 | 159.00 | OK |
Version: 2.1
Check: CRAN incoming feasibility
Result: NOTE
Maintainer: ‘Wencan Zhu <wencan.zhu@yahoo.com>’
No Authors@R field in DESCRIPTION.
Please add one, modifying
Authors@R: person(given = "Wencan",
family = "Zhu",
role = c("aut", "cre"),
email = "wencan.zhu@yahoo.com")
as necessary.
Flavors: r-devel-linux-x86_64-debian-clang, r-devel-linux-x86_64-debian-gcc