CRAN Package Check Results for Package VertexSimilarity

Last updated on 2025-11-12 01:49:15 CET.

Flavor Version Tinstall Tcheck Ttotal Status Flags
r-devel-linux-x86_64-debian-clang 0.1 1.43 17.97 19.40 NOTE
r-devel-linux-x86_64-debian-gcc 0.1 1.18 15.70 16.88 NOTE
r-devel-linux-x86_64-fedora-clang 0.1 29.03 OK
r-devel-linux-x86_64-fedora-gcc 0.1 28.49 OK
r-devel-windows-x86_64 0.1 3.00 37.00 40.00 OK
r-patched-linux-x86_64 0.1 1.56 17.27 18.83 OK
r-release-linux-x86_64 0.1 1.52 17.26 18.78 OK
r-release-macos-arm64 0.1 1.00 21.00 22.00 OK
r-release-macos-x86_64 0.1 2.00 24.00 26.00 OK
r-release-windows-x86_64 0.1 3.00 36.00 39.00 OK
r-oldrel-macos-arm64 0.1 1.00 14.00 15.00 NOTE
r-oldrel-macos-x86_64 0.1 1.00 19.00 20.00 NOTE
r-oldrel-windows-x86_64 0.1 4.00 39.00 43.00 NOTE

Check Details

Version: 0.1
Check: CRAN incoming feasibility
Result: NOTE Maintainer: ‘Rishabh Singh<rishabhsinghrsg@gmail.com>’ No Authors@R field in DESCRIPTION. Please add one, modifying Authors@R: person(given = "Rishabh", family = "Singh", role = c("aut", "cre"), email = "rishabhsinghrsg@gmail.com") as necessary. Flavors: r-devel-linux-x86_64-debian-clang, r-devel-linux-x86_64-debian-gcc

Version: 0.1
Check: LazyData
Result: NOTE 'LazyData' is specified without a 'data' directory Flavors: r-oldrel-macos-arm64, r-oldrel-macos-x86_64, r-oldrel-windows-x86_64