Last updated on 2025-11-12 01:49:14 CET.
| Flavor | Version | Tinstall | Tcheck | Ttotal | Status | Flags |
|---|---|---|---|---|---|---|
| r-devel-linux-x86_64-debian-clang | 1.0.1 | 7.59 | 20.82 | 28.41 | NOTE | |
| r-devel-linux-x86_64-debian-gcc | 1.0.1 | 7.50 | 17.15 | 24.65 | NOTE | |
| r-devel-linux-x86_64-fedora-clang | 1.0.1 | 17.00 | 27.42 | 44.42 | OK | |
| r-devel-linux-x86_64-fedora-gcc | 1.0.1 | 16.00 | 27.09 | 43.09 | OK | |
| r-devel-windows-x86_64 | 1.0.1 | 9.00 | 39.00 | 48.00 | OK | |
| r-patched-linux-x86_64 | 1.0.1 | 8.36 | 18.62 | 26.98 | OK | |
| r-release-linux-x86_64 | 1.0.1 | 7.74 | 19.10 | 26.84 | OK | |
| r-release-macos-arm64 | 1.0.1 | 7.00 | 16.00 | 23.00 | OK | |
| r-release-macos-x86_64 | 1.0.1 | 9.00 | 23.00 | 32.00 | OK | |
| r-release-windows-x86_64 | 1.0.1 | 9.00 | 39.00 | 48.00 | OK | |
| r-oldrel-macos-arm64 | 1.0.1 | 6.00 | 15.00 | 21.00 | NOTE | |
| r-oldrel-macos-x86_64 | 1.0.1 | 7.00 | 21.00 | 28.00 | NOTE | |
| r-oldrel-windows-x86_64 | 1.0.1 | 9.00 | 44.00 | 53.00 | NOTE |
Version: 1.0.1
Check: CRAN incoming feasibility
Result: NOTE
Maintainer: ‘Irucka Embry <iembry@ecoccs.com>’
No Authors@R field in DESCRIPTION.
Please add one, modifying
Authors@R: person(given = "Irucka",
family = "Embry",
role = c("aut", "cre"),
email = "iembry@ecoccs.com")
as necessary.
Flavors: r-devel-linux-x86_64-debian-clang, r-devel-linux-x86_64-debian-gcc
Version: 1.0.1
Check: package dependencies
Result: NOTE
Package suggested but not available for checking: ‘USA.state.boundaries.data’
Flavors: r-oldrel-macos-arm64, r-oldrel-macos-x86_64, r-oldrel-windows-x86_64
Version: 1.0.1
Check: installed package size
Result: NOTE
installed size is 7.2Mb
sub-directories of 1Mb or more:
data 7.1Mb
Flavors: r-oldrel-macos-arm64, r-oldrel-macos-x86_64, r-oldrel-windows-x86_64