Last updated on 2025-11-12 01:49:14 CET.
| Flavor | Version | Tinstall | Tcheck | Ttotal | Status | Flags |
|---|---|---|---|---|---|---|
| r-devel-linux-x86_64-debian-clang | 1.0.0 | 9.32 | 72.31 | 81.63 | NOTE | |
| r-devel-linux-x86_64-debian-gcc | 1.0.0 | 8.80 | 54.17 | 62.97 | NOTE | |
| r-devel-linux-x86_64-fedora-clang | 1.0.0 | 23.00 | 104.91 | 127.91 | NOTE | |
| r-devel-linux-x86_64-fedora-gcc | 1.0.0 | 20.00 | 119.97 | 139.97 | NOTE | |
| r-devel-windows-x86_64 | 1.0.0 | 14.00 | 79.00 | 93.00 | OK | |
| r-patched-linux-x86_64 | 1.0.0 | 11.04 | 68.21 | 79.25 | OK | |
| r-release-linux-x86_64 | 1.0.0 | 10.35 | 68.51 | 78.86 | OK | |
| r-release-macos-arm64 | 1.0.0 | 6.00 | 44.00 | 50.00 | OK | |
| r-release-macos-x86_64 | 1.0.0 | 13.00 | 91.00 | 104.00 | OK | |
| r-release-windows-x86_64 | 1.0.0 | 12.00 | 170.00 | 182.00 | OK | |
| r-oldrel-macos-arm64 | 1.0.0 | 6.00 | 40.00 | 46.00 | NOTE | |
| r-oldrel-macos-x86_64 | 1.0.0 | 10.00 | 60.00 | 70.00 | NOTE | |
| r-oldrel-windows-x86_64 | 1.0.0 | 16.00 | 99.00 | 115.00 | OK |
Version: 1.0.0
Check: CRAN incoming feasibility
Result: NOTE
Maintainer: ‘Mingyang Ren <renmingyang17@mails.ucas.ac.cn>’
The Description field contains
<arXiv:2211.09391>.
Please refer to arXiv e-prints via their arXiv DOI <doi:10.48550/arXiv.YYMM.NNNNN>.
Flavors: r-devel-linux-x86_64-debian-clang, r-devel-linux-x86_64-debian-gcc
Version: 1.0.0
Check: dependencies in R code
Result: NOTE
Namespaces in Imports field not imported from:
‘MASS’ ‘Matrix’
All declared Imports should be used.
Flavors: r-devel-linux-x86_64-fedora-clang, r-devel-linux-x86_64-fedora-gcc
Version: 1.0.0
Check: installed package size
Result: NOTE
installed size is 5.1Mb
sub-directories of 1Mb or more:
data 5.0Mb
Flavors: r-oldrel-macos-arm64, r-oldrel-macos-x86_64