Last updated on 2025-11-12 01:49:14 CET.
| Flavor | Version | Tinstall | Tcheck | Ttotal | Status | Flags |
|---|---|---|---|---|---|---|
| r-devel-linux-x86_64-debian-clang | 1.3 | 5.44 | 114.05 | 119.49 | NOTE | |
| r-devel-linux-x86_64-debian-gcc | 1.3 | 3.62 | 80.59 | 84.21 | NOTE | |
| r-devel-linux-x86_64-fedora-clang | 1.3 | 43.00 | 144.55 | 187.55 | OK | |
| r-devel-linux-x86_64-fedora-gcc | 1.3 | 12.00 | 184.06 | 196.06 | OK | |
| r-devel-windows-x86_64 | 1.3 | 7.00 | 146.00 | 153.00 | OK | |
| r-patched-linux-x86_64 | 1.3 | 6.65 | 108.76 | 115.41 | OK | |
| r-release-linux-x86_64 | 1.3 | 5.88 | 109.23 | 115.11 | OK | |
| r-release-macos-arm64 | 1.3 | 3.00 | 61.00 | 64.00 | OK | |
| r-release-macos-x86_64 | 1.3 | 5.00 | 120.00 | 125.00 | OK | |
| r-release-windows-x86_64 | 1.3 | 7.00 | 260.00 | 267.00 | OK | |
| r-oldrel-macos-arm64 | 1.3 | 2.00 | 54.00 | 56.00 | OK | |
| r-oldrel-macos-x86_64 | 1.3 | 6.00 | 98.00 | 104.00 | OK | |
| r-oldrel-windows-x86_64 | 1.3 | 9.00 | 185.00 | 194.00 | OK |
Version: 1.3
Check: CRAN incoming feasibility
Result: NOTE
Maintainer: ‘Brian Battaile <brian.battaile@gmail.com>’
No Authors@R field in DESCRIPTION.
Please add one, modifying
Authors@R: person(given = "Brian",
family = "Battaile",
role = c("aut", "cre"),
email = "brian.battaile@gmail.com")
as necessary.
Flavors: r-devel-linux-x86_64-debian-clang, r-devel-linux-x86_64-debian-gcc