Last updated on 2025-11-12 01:49:14 CET.
| Flavor | Version | Tinstall | Tcheck | Ttotal | Status | Flags |
|---|---|---|---|---|---|---|
| r-devel-linux-x86_64-debian-clang | 1.2.1 | 11.92 | 241.84 | 253.76 | NOTE | |
| r-devel-linux-x86_64-debian-gcc | 1.2.1 | 6.44 | 170.71 | 177.15 | NOTE | |
| r-devel-linux-x86_64-fedora-clang | 1.2.1 | 46.00 | 387.48 | 433.48 | NOTE | |
| r-devel-linux-x86_64-fedora-gcc | 1.2.1 | 22.00 | 380.26 | 402.26 | NOTE | |
| r-devel-windows-x86_64 | 1.2.1 | 15.00 | 234.00 | 249.00 | NOTE | |
| r-patched-linux-x86_64 | 1.2.1 | 12.89 | 230.79 | 243.68 | NOTE | |
| r-release-linux-x86_64 | 1.2.1 | 10.96 | 230.98 | 241.94 | NOTE | |
| r-release-macos-arm64 | 1.2.1 | 5.00 | 121.00 | 126.00 | NOTE | |
| r-release-macos-x86_64 | 1.2.1 | 10.00 | 249.00 | 259.00 | NOTE | |
| r-release-windows-x86_64 | 1.2.1 | 15.00 | 229.00 | 244.00 | NOTE | |
| r-oldrel-macos-arm64 | 1.2.1 | 5.00 | 115.00 | 120.00 | OK | |
| r-oldrel-macos-x86_64 | 1.2.1 | 8.00 | 296.00 | 304.00 | OK | |
| r-oldrel-windows-x86_64 | 1.2.1 | 20.00 | 317.00 | 337.00 | OK |
Version: 1.2.1
Check: DESCRIPTION meta-information
Result: NOTE
Missing dependency on R >= 4.1.0 because package code uses the pipe
|> or function shorthand \(...) syntax added in R 4.1.0.
File(s) using such syntax:
‘replace_leading_whitespace.R’
Flavors: r-devel-linux-x86_64-debian-clang, r-devel-linux-x86_64-debian-gcc, r-devel-linux-x86_64-fedora-clang, r-devel-linux-x86_64-fedora-gcc, r-devel-windows-x86_64, r-patched-linux-x86_64, r-release-linux-x86_64, r-release-macos-arm64, r-release-macos-x86_64, r-release-windows-x86_64