CRAN Package Check Results for Package TestCor

Last updated on 2025-11-12 01:49:13 CET.

Flavor Version Tinstall Tcheck Ttotal Status Flags
r-devel-linux-x86_64-debian-clang 0.0.2.2 15.41 37.36 52.77 NOTE
r-devel-linux-x86_64-debian-gcc 0.0.2.2 9.81 27.82 37.63 NOTE
r-devel-linux-x86_64-fedora-clang 0.0.2.2 29.00 61.48 90.48 OK
r-devel-linux-x86_64-fedora-gcc 0.0.2.2 30.00 52.19 82.19 OK
r-devel-windows-x86_64 0.0.2.2 21.00 72.00 93.00 OK
r-patched-linux-x86_64 0.0.2.2 14.59 35.11 49.70 OK
r-release-linux-x86_64 0.0.2.2 16.02 34.53 50.55 OK
r-release-macos-arm64 0.0.2.2 8.00 21.00 29.00 OK
r-release-macos-x86_64 0.0.2.2 12.00 40.00 52.00 OK
r-release-windows-x86_64 0.0.2.2 21.00 77.00 98.00 OK
r-oldrel-macos-arm64 0.0.2.2 7.00 19.00 26.00 OK
r-oldrel-macos-x86_64 0.0.2.2 10.00 27.00 37.00 OK
r-oldrel-windows-x86_64 0.0.2.2 25.00 88.00 113.00 OK

Check Details

Version: 0.0.2.2
Check: CRAN incoming feasibility
Result: NOTE Maintainer: ‘Gannaz Irene <irene.gannaz@insa-lyon.fr>’ Found the following URLs which should use \doi (with the DOI name only): File ‘TestCor-package.Rd’: https://doi.org/10.1111/j.2517-6161.1995.tb02031.x https://doi.org/10.1080/01621459.2014.999157 https://doi.org/10.1214/088342307000000113 https://doi.org/10.1198/016214504000000539 Flavors: r-devel-linux-x86_64-debian-clang, r-devel-linux-x86_64-debian-gcc