Last updated on 2025-11-12 01:49:14 CET.
| Flavor | Version | Tinstall | Tcheck | Ttotal | Status | Flags |
|---|---|---|---|---|---|---|
| r-devel-linux-x86_64-debian-clang | 0.1 | 6.73 | 71.27 | 78.00 | NOTE | |
| r-devel-linux-x86_64-debian-gcc | 0.1 | 5.44 | 53.56 | 59.00 | NOTE | |
| r-devel-linux-x86_64-fedora-clang | 0.1 | 14.00 | 106.92 | 120.92 | OK | |
| r-devel-linux-x86_64-fedora-gcc | 0.1 | 12.00 | 102.45 | 114.45 | OK | |
| r-devel-windows-x86_64 | 0.1 | 9.00 | 107.00 | 116.00 | OK | |
| r-patched-linux-x86_64 | 0.1 | 6.13 | 68.15 | 74.28 | OK | |
| r-release-linux-x86_64 | 0.1 | 5.85 | 67.74 | 73.59 | OK | |
| r-release-macos-arm64 | 0.1 | 5.00 | 44.00 | 49.00 | OK | |
| r-release-macos-x86_64 | 0.1 | 7.00 | 68.00 | 75.00 | OK | |
| r-release-windows-x86_64 | 0.1 | 8.00 | 77.00 | 85.00 | OK | |
| r-oldrel-macos-arm64 | 0.1 | 3.00 | 32.00 | 35.00 | NOTE | |
| r-oldrel-macos-x86_64 | 0.1 | 5.00 | 55.00 | 60.00 | NOTE | |
| r-oldrel-windows-x86_64 | 0.1 | 11.00 | 101.00 | 112.00 | NOTE |
Version: 0.1
Check: CRAN incoming feasibility
Result: NOTE
Maintainer: ‘Yao-Hwei Fang <yhfang@nhri.org.tw>’
No Authors@R field in DESCRIPTION.
Please add one, modifying
Authors@R: c(person(given = "Yao-Hwei",
family = "Fang",
role = c("aut", "cre"),
email = "yhfang@nhri.org.tw"),
person(given = "Jie-Huei",
family = "Wang",
role = "aut"),
person(given = c("Chao", "A."),
family = "Hsiung",
role = "aut"))
as necessary.
Flavors: r-devel-linux-x86_64-debian-clang, r-devel-linux-x86_64-debian-gcc
Version: 0.1
Check: LazyData
Result: NOTE
'LazyData' is specified without a 'data' directory
Flavors: r-oldrel-macos-arm64, r-oldrel-macos-x86_64, r-oldrel-windows-x86_64