Last updated on 2025-11-12 01:49:13 CET.
| Flavor | Version | Tinstall | Tcheck | Ttotal | Status | Flags |
|---|---|---|---|---|---|---|
| r-devel-linux-x86_64-debian-clang | 0.5.2 | 8.95 | 83.54 | 92.49 | OK | |
| r-devel-linux-x86_64-debian-gcc | 0.5.2 | 7.38 | 57.10 | 64.48 | OK | |
| r-devel-linux-x86_64-fedora-clang | 0.5.2 | 22.00 | 118.50 | 140.50 | OK | |
| r-devel-linux-x86_64-fedora-gcc | 0.5.2 | 17.00 | 120.53 | 137.53 | OK | |
| r-devel-windows-x86_64 | 0.5.2 | 13.00 | 103.00 | 116.00 | OK | |
| r-patched-linux-x86_64 | 0.5.2 | 9.35 | 79.43 | 88.78 | OK | |
| r-release-linux-x86_64 | 0.5.2 | 9.28 | 77.87 | 87.15 | OK | |
| r-release-macos-arm64 | 0.5.2 | 5.00 | 35.00 | 40.00 | OK | |
| r-release-macos-x86_64 | 0.5.2 | 11.00 | 61.00 | 72.00 | OK | |
| r-release-windows-x86_64 | 0.5.2 | 15.00 | 105.00 | 120.00 | OK | |
| r-oldrel-macos-arm64 | 0.5.2 | 5.00 | 39.00 | 44.00 | OK | |
| r-oldrel-macos-x86_64 | 0.5.2 | 11.00 | 62.00 | 73.00 | NOTE | |
| r-oldrel-windows-x86_64 | 0.5.2 | 17.00 | 120.00 | 137.00 | OK |
Version: 0.5.2
Check: installed package size
Result: NOTE
installed size is 5.2Mb
sub-directories of 1Mb or more:
data 5.0Mb
Flavor: r-oldrel-macos-x86_64