Last updated on 2025-11-12 01:49:12 CET.
| Flavor | Version | Tinstall | Tcheck | Ttotal | Status | Flags |
|---|---|---|---|---|---|---|
| r-devel-linux-x86_64-debian-clang | 2.0.9 | 40.93 | 477.46 | 518.39 | OK | |
| r-devel-linux-x86_64-debian-gcc | 2.0.9 | 25.10 | 310.10 | 335.20 | OK | |
| r-devel-linux-x86_64-fedora-clang | 2.0.9 | 94.00 | 691.85 | 785.85 | OK | |
| r-devel-linux-x86_64-fedora-gcc | 2.0.9 | 86.00 | 652.30 | 738.30 | OK | |
| r-devel-windows-x86_64 | 2.0.9 | 40.00 | 379.00 | 419.00 | OK | |
| r-patched-linux-x86_64 | 2.0.9 | 36.44 | 433.14 | 469.58 | OK | |
| r-release-linux-x86_64 | 2.0.9 | 40.89 | 432.34 | 473.23 | OK | |
| r-release-macos-arm64 | 2.0.9 | 16.00 | 171.00 | 187.00 | OK | |
| r-release-macos-x86_64 | 2.0.9 | 59.00 | 449.00 | 508.00 | OK | |
| r-release-windows-x86_64 | 2.0.9 | 40.00 | 377.00 | 417.00 | OK | |
| r-oldrel-macos-arm64 | 2.0.9 | 15.00 | 170.00 | 185.00 | NOTE | |
| r-oldrel-macos-x86_64 | 2.0.9 | 50.00 | 410.00 | 460.00 | NOTE | |
| r-oldrel-windows-x86_64 | 2.0.9 | 55.00 | 550.00 | 605.00 | NOTE |
Version: 2.0.9
Check: package dependencies
Result: NOTE
Package suggested but not available for checking: ‘NLMR’
Flavors: r-oldrel-macos-arm64, r-oldrel-macos-x86_64, r-oldrel-windows-x86_64