Last updated on 2025-11-12 01:49:12 CET.
| Flavor | Version | Tinstall | Tcheck | Ttotal | Status | Flags |
|---|---|---|---|---|---|---|
| r-devel-linux-x86_64-debian-clang | 1.3 | 42.74 | 68.65 | 111.39 | OK | |
| r-devel-linux-x86_64-debian-gcc | 1.3 | 30.51 | 53.43 | 83.94 | OK | |
| r-devel-linux-x86_64-fedora-clang | 1.3 | 89.00 | 88.50 | 177.50 | OK | |
| r-devel-linux-x86_64-fedora-gcc | 1.3 | 107.00 | 94.06 | 201.06 | OK | |
| r-devel-windows-x86_64 | 1.3 | 47.00 | 98.00 | 145.00 | OK | |
| r-patched-linux-x86_64 | 1.3 | 45.33 | 65.50 | 110.83 | OK | |
| r-release-linux-x86_64 | 1.3 | 45.51 | 64.92 | 110.43 | OK | |
| r-release-macos-arm64 | 1.3 | 18.00 | 43.00 | 61.00 | OK | |
| r-release-macos-x86_64 | 1.3 | 30.00 | 99.00 | 129.00 | OK | |
| r-release-windows-x86_64 | 1.3 | 48.00 | 96.00 | 144.00 | OK | |
| r-oldrel-macos-arm64 | 1.3 | 15.00 | 45.00 | 60.00 | NOTE | |
| r-oldrel-macos-x86_64 | 1.3 | 25.00 | 83.00 | 108.00 | NOTE | |
| r-oldrel-windows-x86_64 | 1.3 | 58.00 | 118.00 | 176.00 | OK |
Version: 1.3
Check: installed package size
Result: NOTE
installed size is 5.7Mb
sub-directories of 1Mb or more:
libs 5.4Mb
Flavors: r-oldrel-macos-arm64, r-oldrel-macos-x86_64