Last updated on 2025-11-12 01:49:13 CET.
| Flavor | Version | Tinstall | Tcheck | Ttotal | Status | Flags |
|---|---|---|---|---|---|---|
| r-devel-linux-x86_64-debian-clang | 1.2.3 | 12.07 | 102.45 | 114.52 | OK | |
| r-devel-linux-x86_64-debian-gcc | 1.2.3 | 7.26 | 69.44 | 76.70 | OK | |
| r-devel-linux-x86_64-fedora-clang | 1.2.3 | 118.00 | 56.40 | 174.40 | NOTE | |
| r-devel-linux-x86_64-fedora-gcc | 1.2.3 | 25.00 | 129.63 | 154.63 | NOTE | |
| r-devel-windows-x86_64 | 1.2.3 | 14.00 | 104.00 | 118.00 | OK | |
| r-patched-linux-x86_64 | 1.2.3 | 10.29 | 91.91 | 102.20 | OK | |
| r-release-linux-x86_64 | 1.2.3 | 10.36 | 94.05 | 104.41 | OK | |
| r-release-macos-arm64 | 1.2.3 | 6.00 | 41.00 | 47.00 | OK | |
| r-release-macos-x86_64 | 1.2.3 | 24.00 | 137.00 | 161.00 | OK | |
| r-release-windows-x86_64 | 1.2.3 | 13.00 | 101.00 | 114.00 | OK | |
| r-oldrel-macos-arm64 | 1.2.3 | 5.00 | 44.00 | 49.00 | NOTE | |
| r-oldrel-macos-x86_64 | 1.2.3 | 10.00 | 84.00 | 94.00 | NOTE | |
| r-oldrel-windows-x86_64 | 1.2.3 | 18.00 | 134.00 | 152.00 | NOTE |
Version: 1.2.3
Check: dependencies in R code
Result: NOTE
Namespaces in Imports field not imported from:
‘data.table’ ‘grid’ ‘tidyverse’
All declared Imports should be used.
Flavors: r-devel-linux-x86_64-fedora-clang, r-devel-linux-x86_64-fedora-gcc
Version: 1.2.3
Check: package dependencies
Result: NOTE
Packages suggested but not available for checking: 'MOFAdata', 'MOFA2'
Flavor: r-oldrel-macos-arm64
Version: 1.2.3
Check: installed package size
Result: NOTE
installed size is 9.6Mb
sub-directories of 1Mb or more:
extdata 9.3Mb
Flavors: r-oldrel-macos-arm64, r-oldrel-macos-x86_64, r-oldrel-windows-x86_64
Version: 1.2.3
Check: package dependencies
Result: NOTE
Packages suggested but not available for checking:
'MOFAdata', 'MOFA2', 'basilisk'
Flavor: r-oldrel-macos-x86_64
Version: 1.2.3
Check: package dependencies
Result: NOTE
Package suggested but not available for checking: 'MOFAdata'
Flavor: r-oldrel-windows-x86_64