Last updated on 2025-11-12 01:49:11 CET.
| Flavor | Version | Tinstall | Tcheck | Ttotal | Status | Flags |
|---|---|---|---|---|---|---|
| r-devel-linux-x86_64-debian-clang | 2.0.0 | 3.78 | 395.48 | 399.26 | NOTE | |
| r-devel-linux-x86_64-debian-gcc | 2.0.0 | 2.59 | 259.50 | 262.09 | NOTE | |
| r-devel-linux-x86_64-fedora-clang | 2.0.0 | 660.88 | OK | |||
| r-devel-linux-x86_64-fedora-gcc | 2.0.0 | 696.95 | OK | |||
| r-devel-windows-x86_64 | 2.0.0 | 6.00 | 434.00 | 440.00 | OK | |
| r-patched-linux-x86_64 | 2.0.0 | 3.89 | 387.66 | 391.55 | OK | |
| r-release-linux-x86_64 | 2.0.0 | 3.67 | 390.82 | 394.49 | OK | |
| r-release-macos-arm64 | 2.0.0 | 2.00 | 191.00 | 193.00 | OK | |
| r-release-macos-x86_64 | 2.0.0 | 5.00 | 397.00 | 402.00 | OK | |
| r-release-windows-x86_64 | 2.0.0 | 6.00 | 439.00 | 445.00 | OK | |
| r-oldrel-macos-arm64 | 2.0.0 | 2.00 | 173.00 | 175.00 | OK | |
| r-oldrel-macos-x86_64 | 2.0.0 | 3.00 | 280.00 | 283.00 | OK | |
| r-oldrel-windows-x86_64 | 2.0.0 | 6.00 | 533.00 | 539.00 | OK |
Version: 2.0.0
Check: CRAN incoming feasibility
Result: NOTE
Maintainer: ‘William Artman <William_Artman@URMC.Rochester.edu>’
The Description field contains
outcomes. Please see Artman (2020) <arXiv:2008.02341>.
Please refer to arXiv e-prints via their arXiv DOI <doi:10.48550/arXiv.YYMM.NNNNN>.
Flavors: r-devel-linux-x86_64-debian-clang, r-devel-linux-x86_64-debian-gcc