Last updated on 2025-11-12 01:49:11 CET.
| Flavor | Version | Tinstall | Tcheck | Ttotal | Status | Flags |
|---|---|---|---|---|---|---|
| r-devel-linux-x86_64-debian-clang | 1.1.1 | 10.95 | 29.93 | 40.88 | NOTE | |
| r-devel-linux-x86_64-debian-gcc | 1.1.1 | 7.97 | 23.26 | 31.23 | NOTE | |
| r-devel-linux-x86_64-fedora-clang | 1.1.1 | 25.00 | 42.39 | 67.39 | OK | |
| r-devel-linux-x86_64-fedora-gcc | 1.1.1 | 19.00 | 44.60 | 63.60 | OK | |
| r-devel-windows-x86_64 | 1.1.1 | 16.00 | 68.00 | 84.00 | OK | |
| r-patched-linux-x86_64 | 1.1.1 | 12.08 | 28.25 | 40.33 | OK | |
| r-release-linux-x86_64 | 1.1.1 | 11.52 | 28.32 | 39.84 | OK | |
| r-release-macos-arm64 | 1.1.1 | 7.00 | 21.00 | 28.00 | OK | |
| r-release-macos-x86_64 | 1.1.1 | 8.00 | 32.00 | 40.00 | OK | |
| r-release-windows-x86_64 | 1.1.1 | 16.00 | 66.00 | 82.00 | OK | |
| r-oldrel-macos-arm64 | 1.1.1 | 6.00 | 18.00 | 24.00 | OK | |
| r-oldrel-macos-x86_64 | 1.1.1 | 8.00 | 27.00 | 35.00 | OK | |
| r-oldrel-windows-x86_64 | 1.1.1 | 16.00 | 78.00 | 94.00 | OK |
Version: 1.1.1
Check: CRAN incoming feasibility
Result: NOTE
Maintainer: ‘F Scott Dahlgren <fdahlgr@gmail.com>’
No Authors@R field in DESCRIPTION.
Please add one, modifying
Authors@R: c(person(given = c("F", "Scott"),
family = "Dahlgren",
role = c("aut", "cre"),
email = "fdahlgr@gmail.com"),
person(given = c("Ivo", "M"),
family = "Foppa",
role = "aut"))
as necessary.
Flavors: r-devel-linux-x86_64-debian-clang, r-devel-linux-x86_64-debian-gcc