Last updated on 2025-11-12 01:49:09 CET.
| Flavor | Version | Tinstall | Tcheck | Ttotal | Status | Flags |
|---|---|---|---|---|---|---|
| r-devel-linux-x86_64-debian-clang | 1.2.0 | 96.77 | 608.07 | 704.84 | OK | |
| r-devel-linux-x86_64-debian-gcc | 1.2.0 | 70.87 | 353.38 | 424.25 | OK | |
| r-devel-linux-x86_64-fedora-clang | 1.2.0 | 139.00 | 1059.06 | 1198.06 | OK | |
| r-devel-linux-x86_64-fedora-gcc | 1.2.0 | 125.00 | 1010.40 | 1135.40 | OK | |
| r-devel-windows-x86_64 | 1.2.0 | 102.00 | 515.00 | 617.00 | OK | |
| r-patched-linux-x86_64 | 1.2.0 | 97.79 | 546.99 | 644.78 | OK | |
| r-release-linux-x86_64 | 1.2.0 | 92.49 | 547.49 | 639.98 | OK | |
| r-release-macos-arm64 | 1.2.0 | 39.00 | 200.00 | 239.00 | OK | |
| r-release-macos-x86_64 | 1.2.0 | 52.00 | 544.00 | 596.00 | OK | |
| r-release-windows-x86_64 | 1.2.0 | 105.00 | 508.00 | 613.00 | OK | |
| r-oldrel-macos-arm64 | 1.2.0 | 34.00 | 193.00 | 227.00 | NOTE | |
| r-oldrel-macos-x86_64 | 1.2.0 | 44.00 | 249.00 | 293.00 | NOTE | |
| r-oldrel-windows-x86_64 | 1.2.0 | 129.00 | 681.00 | 810.00 | OK |
Version: 1.2.0
Check: installed package size
Result: NOTE
installed size is 12.6Mb
sub-directories of 1Mb or more:
libs 11.3Mb
Flavors: r-oldrel-macos-arm64, r-oldrel-macos-x86_64