CRAN Package Check Results for Package RobinHood

Last updated on 2025-10-21 00:50:13 CEST.

Flavor Version Tinstall Tcheck Ttotal Status Flags
r-devel-linux-x86_64-debian-clang 1.7.0 4.48 39.12 43.60 NOTE
r-devel-linux-x86_64-debian-gcc 1.7.0 3.29 29.62 32.91 NOTE
r-devel-linux-x86_64-fedora-clang 1.7.0 73.56 OK
r-devel-linux-x86_64-fedora-gcc 1.7.0 64.19 OK
r-devel-windows-x86_64 1.7.0 7.00 62.00 69.00 OK
r-patched-linux-x86_64 1.7.0 5.16 37.45 42.61 OK
r-release-linux-x86_64 1.7.0 4.94 37.68 42.62 OK
r-release-macos-arm64 1.7.0 23.00 OK
r-release-macos-x86_64 1.7.0 44.00 OK
r-release-windows-x86_64 1.7.0 8.00 65.00 73.00 OK
r-oldrel-macos-arm64 1.7.0 22.00 OK
r-oldrel-macos-x86_64 1.7.0 50.00 OK
r-oldrel-windows-x86_64 1.7.0 10.00 73.00 83.00 OK

Check Details

Version: 1.7.0
Check: CRAN incoming feasibility
Result: NOTE Maintainer: ‘Joseph Blubaugh <jestonblu@gmail.com>’ No Authors@R field in DESCRIPTION. Please add one, modifying Authors@R: person(given = "Joseph", family = "Blubaugh", role = c("aut", "cre"), email = "jestonblu@gmail.com") as necessary. Flavors: r-devel-linux-x86_64-debian-clang, r-devel-linux-x86_64-debian-gcc

Version: 1.7.0
Check: HTML version of manual
Result: NOTE Found the following HTML validation problems: api_accounts.html:46:1 (api_accounts.Rd:10): Warning: missing </ul> before </div> api_accounts_crypto.html:46:1 (api_accounts_crypto.Rd:10): Warning: missing </ul> before </div> api_ach.html:73:1 (api_ach.Rd:27): Warning: missing </ul> before </div> api_contracts.html:54:1 (api_contracts.Rd:14): Warning: missing </ul> before </div> api_currency_pairs.html:46:1 (api_currency_pairs.Rd:10): Warning: missing </ul> before </div> api_endpoints.html:50:1 (api_endpoints.Rd:12): Warning: missing </ul> before </div> api_fundamentals.html:51:1 (api_fundamentals.Rd:12): Warning: missing </ul> before </div> api_historicals.html:54:1 (api_historicals.Rd:14): Warning: missing </ul> before </div> api_historicals_crypto.html:50:1 (api_historicals_crypto.Rd:12): Warning: missing </ul> before </div> api_historicals_options.html:78:1 (api_historicals_options.Rd:30): Warning: missing </ul> before </div> api_instruments.html:54:1 (api_instruments.Rd:14): Warning: missing </ul> before </div> api_instruments_options.html:88:1 (api_instruments_options.Rd:36): Warning: missing </ul> before </div> api_login.html:55:1 (api_login.Rd:14): Warning: missing </ul> before </div> api_logout.html:46:1 (api_logout.Rd:10): Warning: missing </ul> before </div> api_marketdata.html:54:1 (api_marketdata.Rd:14): Warning: missing </ul> before </div> api_markets.html:54:1 (api_markets.Rd:14): Warning: missing </ul> before </div> api_orders.html:115:1 (api_orders.Rd:51): Warning: missing </ul> before </div> api_orders_crypto.html:95:1 (api_orders_crypto.Rd:39): Warning: missing </ul> before </div> api_orders_options.html:98:1 (api_orders_options.Rd:42): Warning: missing </ul> before </div> api_portfolios.html:50:1 (api_portfolios.Rd:12): Warning: missing </ul> before </div> api_portfolios_crypto.html:46:1 (api_portfolios_crypto.Rd:10): Warning: missing </ul> before </div> api_positions.html:46:1 (api_positions.Rd:10): Warning: missing </ul> before </div> api_positions_crypto.html:46:1 (api_positions_crypto.Rd:10): Warning: missing </ul> before </div> api_positions_options.html:46:1 (api_positions_options.Rd:10): Warning: missing </ul> before </div> api_quote.html:50:1 (api_quote.Rd:12): Warning: missing </ul> before </div> api_quote_crypto.html:50:1 (api_quote_crypto.Rd:12): Warning: missing </ul> before </div> api_ratings.html:50:1 (api_ratings.Rd:12): Warning: missing </ul> before </div> api_tag.html:50:1 (api_tag.Rd:12): Warning: missing </ul> before </div> api_tickers.html:47:1 (api_tickers.Rd:10): Warning: missing </ul> before </div> api_user.html:46:1 (api_user.Rd:10): Warning: missing </ul> before </div> api_watchlist.html:60:1 (api_watchlist.Rd:16): Warning: missing </ul> before </div> cancel_ach_transfer.html:50:1 (cancel_ach_transfer.Rd:12): Warning: missing </ul> before </div> check_rh.html:46:1 (check_rh.Rd:10): Warning: missing </ul> before </div> get_ach.html:54:1 (get_ach.Rd:14): Warning: missing </ul> before </div> mod_json.html:50:1 (mod_json.Rd:12): Warning: missing </ul> before </div> place_ach_transfer.html:58:1 (place_ach_transfer.Rd:16): Warning: missing </ul> before </div> Flavor: r-devel-linux-x86_64-debian-gcc