Last updated on 2025-11-12 01:49:09 CET.
| Flavor | Version | Tinstall | Tcheck | Ttotal | Status | Flags |
|---|---|---|---|---|---|---|
| r-devel-linux-x86_64-debian-clang | 1.2 | 18.02 | 161.94 | 179.96 | OK | |
| r-devel-linux-x86_64-debian-gcc | 1.2 | 13.53 | 112.41 | 125.94 | OK | |
| r-devel-linux-x86_64-fedora-clang | 1.2 | 64.00 | 226.29 | 290.29 | OK | |
| r-devel-linux-x86_64-fedora-gcc | 1.2 | 37.00 | 228.64 | 265.64 | OK | |
| r-devel-windows-x86_64 | 1.2 | 20.00 | 146.00 | 166.00 | OK | |
| r-patched-linux-x86_64 | 1.2 | 16.97 | 150.99 | 167.96 | OK | |
| r-release-linux-x86_64 | 1.2 | 15.57 | 149.33 | 164.90 | OK | |
| r-release-macos-arm64 | 1.2 | 8.00 | 63.00 | 71.00 | OK | |
| r-release-macos-x86_64 | 1.2 | 14.00 | 119.00 | 133.00 | OK | |
| r-release-windows-x86_64 | 1.2 | 19.00 | 143.00 | 162.00 | OK | |
| r-oldrel-macos-arm64 | 1.2 | 8.00 | 66.00 | 74.00 | OK | |
| r-oldrel-macos-x86_64 | 1.2 | 16.00 | 118.00 | 134.00 | OK | |
| r-oldrel-windows-x86_64 | 1.2 | 1.00 | 9.00 | 10.00 | ERROR |
Version: 1.2
Check: package dependencies
Result: ERROR
Package required but not available: 'fungible'
See section 'The DESCRIPTION file' in the 'Writing R Extensions'
manual.
Flavor: r-oldrel-windows-x86_64