Last updated on 2025-11-12 01:49:09 CET.
| Flavor | Version | Tinstall | Tcheck | Ttotal | Status | Flags |
|---|---|---|---|---|---|---|
| r-devel-linux-x86_64-debian-clang | 1.4.4 | 30.93 | 34.63 | 65.56 | NOTE | |
| r-devel-linux-x86_64-debian-gcc | 1.4.4 | 19.32 | 27.83 | 47.15 | NOTE | |
| r-devel-linux-x86_64-fedora-clang | 1.4.4 | 83.00 | 36.08 | 119.08 | OK | |
| r-devel-linux-x86_64-fedora-gcc | 1.4.4 | 60.00 | 40.25 | 100.25 | OK | |
| r-devel-windows-x86_64 | 1.4.4 | 46.00 | 75.00 | 121.00 | OK | |
| r-patched-linux-x86_64 | 1.4.4 | 28.44 | 31.93 | 60.37 | OK | |
| r-release-linux-x86_64 | 1.4.4 | 28.41 | 32.13 | 60.54 | OK | |
| r-release-macos-arm64 | 1.4.4 | 21.00 | 46.00 | 67.00 | OK | |
| r-release-macos-x86_64 | 1.4.4 | 20.00 | 56.00 | 76.00 | OK | |
| r-release-windows-x86_64 | 1.4.4 | 49.00 | 78.00 | 127.00 | OK | |
| r-oldrel-macos-arm64 | 1.4.4 | 15.00 | 39.00 | 54.00 | OK | |
| r-oldrel-macos-x86_64 | 1.4.4 | 20.00 | 55.00 | 75.00 | OK | |
| r-oldrel-windows-x86_64 | 1.4.4 | 49.00 | 90.00 | 139.00 | OK |
Version: 1.4.4
Check: CRAN incoming feasibility
Result: NOTE
Maintainer: ‘Jouni Helske <jouni.helske@iki.fi>’
Found the following (possibly) invalid file URI:
URI: https//cranlogs.r-pkg.org:443/badges/Rlibeemd
From: README.md
Flavors: r-devel-linux-x86_64-debian-clang, r-devel-linux-x86_64-debian-gcc