Last updated on 2025-11-11 02:50:51 CET.
| Flavor | Version | Tinstall | Tcheck | Ttotal | Status | Flags |
|---|---|---|---|---|---|---|
| r-devel-linux-x86_64-debian-clang | 0.11.1.0 | 95.27 | 144.89 | 240.16 | OK | |
| r-devel-linux-x86_64-debian-gcc | 0.11.1.0 | 67.47 | 100.74 | 168.21 | OK | |
| r-devel-linux-x86_64-fedora-clang | 0.11.1.0 | 177.00 | 231.75 | 408.75 | OK | |
| r-devel-linux-x86_64-fedora-gcc | 0.11.1.0 | 128.00 | 260.37 | 388.37 | OK | |
| r-devel-windows-x86_64 | 0.11.1.0 | 107.00 | 160.00 | 267.00 | OK | |
| r-patched-linux-x86_64 | 0.11.1.0 | 92.52 | 136.08 | 228.60 | OK | |
| r-release-linux-x86_64 | 0.11.1.0 | 95.32 | 135.79 | 231.11 | OK | |
| r-release-macos-arm64 | 0.11.1.0 | 37.00 | 65.00 | 102.00 | OK | |
| r-release-macos-x86_64 | 0.11.1.0 | 36.00 | 113.00 | 149.00 | OK | |
| r-release-windows-x86_64 | 0.11.1.0 | 107.00 | 155.00 | 262.00 | OK | |
| r-oldrel-macos-arm64 | 0.11.1.0 | 31.00 | 62.00 | 93.00 | NOTE | |
| r-oldrel-macos-x86_64 | 0.11.1.0 | 34.00 | 139.00 | 173.00 | NOTE | |
| r-oldrel-windows-x86_64 | 0.11.1.0 | 128.00 | 211.00 | 339.00 | OK |
Version: 0.11.1.0
Check: installed package size
Result: NOTE
installed size is 7.5Mb
sub-directories of 1Mb or more:
libs 7.3Mb
Flavors: r-oldrel-macos-arm64, r-oldrel-macos-x86_64