Last updated on 2025-11-12 01:49:09 CET.
| Flavor | Version | Tinstall | Tcheck | Ttotal | Status | Flags |
|---|---|---|---|---|---|---|
| r-devel-linux-x86_64-debian-clang | 2.1.8 | 11.60 | 111.73 | 123.33 | NOTE | |
| r-devel-linux-x86_64-debian-gcc | 2.1.8 | 7.95 | 80.37 | 88.32 | NOTE | |
| r-devel-linux-x86_64-fedora-clang | 2.1.8 | 26.00 | 161.85 | 187.85 | OK | |
| r-devel-linux-x86_64-fedora-gcc | 2.1.8 | 20.00 | 170.51 | 190.51 | OK | |
| r-devel-windows-x86_64 | 2.1.8 | 13.00 | 116.00 | 129.00 | OK | |
| r-patched-linux-x86_64 | 2.1.8 | 11.05 | 104.89 | 115.94 | OK | |
| r-release-linux-x86_64 | 2.1.8 | 9.94 | 104.14 | 114.08 | OK | |
| r-release-macos-arm64 | 2.1.8 | 5.00 | 59.00 | 64.00 | OK | |
| r-release-macos-x86_64 | 2.1.8 | 10.00 | 107.00 | 117.00 | OK | |
| r-release-windows-x86_64 | 2.1.8 | 12.00 | 113.00 | 125.00 | OK | |
| r-oldrel-macos-arm64 | 2.1.8 | 4.00 | 48.00 | 52.00 | OK | |
| r-oldrel-macos-x86_64 | 2.1.8 | 8.00 | 77.00 | 85.00 | OK | |
| r-oldrel-windows-x86_64 | 2.1.8 | 17.00 | 138.00 | 155.00 | OK |
Version: 2.1.8
Check: CRAN incoming feasibility
Result: NOTE
Maintainer: ‘Shangzhi Hong <shangzhi-hong@hotmail.com>’
The Description field contains
<arXiv:2004.14823>.
Please refer to arXiv e-prints via their arXiv DOI <doi:10.48550/arXiv.YYMM.NNNNN>.
Flavors: r-devel-linux-x86_64-debian-clang, r-devel-linux-x86_64-debian-gcc