Last updated on 2025-10-21 00:50:12 CEST.
Flavor | Version | Tinstall | Tcheck | Ttotal | Status | Flags |
---|---|---|---|---|---|---|
r-devel-linux-x86_64-debian-clang | 0.4-6 | 30.68 | 70.83 | 101.51 | OK | |
r-devel-linux-x86_64-debian-gcc | 0.4-6 | 18.96 | 51.03 | 69.99 | NOTE | |
r-devel-linux-x86_64-fedora-clang | 0.4-6 | 195.43 | OK | |||
r-devel-linux-x86_64-fedora-gcc | 0.4-6 | 152.90 | OK | |||
r-devel-windows-x86_64 | 0.4-6 | 35.00 | 99.00 | 134.00 | OK | |
r-patched-linux-x86_64 | 0.4-6 | 30.45 | 67.76 | 98.21 | OK | |
r-release-linux-x86_64 | 0.4-6 | 32.31 | 67.27 | 99.58 | OK | |
r-release-macos-arm64 | 0.4-6 | 45.00 | OK | |||
r-release-macos-x86_64 | 0.4-6 | 84.00 | OK | |||
r-release-windows-x86_64 | 0.4-6 | 35.00 | 102.00 | 137.00 | OK | |
r-oldrel-macos-arm64 | 0.4-6 | 45.00 | OK | |||
r-oldrel-macos-x86_64 | 0.4-6 | 71.00 | OK | |||
r-oldrel-windows-x86_64 | 0.4-6 | 42.00 | 125.00 | 167.00 | OK |
Version: 0.4-6
Check: HTML version of manual
Result: NOTE
Found the following HTML validation problems:
REML_Rm.html:153:1 (REML_Rm.Rd:68): Warning: missing </ul> before </div>
R_mstep2.html:141:1 (R_mstep2.Rd:62): Warning: missing </ul> before </div>
print.html:57:1 (print.Rd:20): Warning: missing </ul> before </div>
vp_cp.html:62:1 (vp_cp.Rd:22): Warning: missing </ul> before </div>
Flavor: r-devel-linux-x86_64-debian-gcc