Last updated on 2025-11-12 01:49:08 CET.
| Flavor | Version | Tinstall | Tcheck | Ttotal | Status | Flags |
|---|---|---|---|---|---|---|
| r-devel-linux-x86_64-debian-clang | 0.2.11 | 26.52 | 229.50 | 256.02 | NOTE | |
| r-devel-linux-x86_64-debian-gcc | 0.2.11 | 19.77 | 139.87 | 159.64 | NOTE | |
| r-devel-linux-x86_64-fedora-clang | 0.2.11 | 60.00 | 347.04 | 407.04 | OK | |
| r-devel-linux-x86_64-fedora-gcc | 0.2.11 | 58.00 | 332.72 | 390.72 | OK | |
| r-devel-windows-x86_64 | 0.2.11 | 24.00 | 172.00 | 196.00 | OK | |
| r-patched-linux-x86_64 | 0.2.11 | 28.17 | 216.57 | 244.74 | OK | |
| r-release-linux-x86_64 | 0.2.11 | 27.86 | 218.38 | 246.24 | OK | |
| r-release-macos-arm64 | 0.2.11 | 9.00 | 67.00 | 76.00 | OK | |
| r-release-macos-x86_64 | 0.2.11 | 18.00 | 164.00 | 182.00 | OK | |
| r-release-windows-x86_64 | 0.2.11 | 25.00 | 174.00 | 199.00 | OK | |
| r-oldrel-macos-arm64 | 0.2.11 | 10.00 | 65.00 | 75.00 | OK | |
| r-oldrel-macos-x86_64 | 0.2.11 | 15.00 | 129.00 | 144.00 | OK | |
| r-oldrel-windows-x86_64 | 0.2.11 | 35.00 | 241.00 | 276.00 | OK |
Version: 0.2.11
Check: CRAN incoming feasibility
Result: NOTE
Maintainer: ‘Subhadip Datta <subhadipdatta007@gmail.com>’
No Authors@R field in DESCRIPTION.
Please add one, modifying
Authors@R: person(given = "Subhadip",
family = "Datta",
role = c("aut", "cre"),
email = "subhadipdatta007@gmail.com")
as necessary.
Flavors: r-devel-linux-x86_64-debian-clang, r-devel-linux-x86_64-debian-gcc