Last updated on 2025-11-11 02:50:50 CET.
| Flavor | Version | Tinstall | Tcheck | Ttotal | Status | Flags |
|---|---|---|---|---|---|---|
| r-devel-linux-x86_64-debian-clang | 0.2.9 | 100.42 | 33.28 | 133.70 | OK | |
| r-devel-linux-x86_64-debian-gcc | 0.2.9 | 64.89 | 24.74 | 89.63 | OK | |
| r-devel-linux-x86_64-fedora-clang | 0.2.9 | 101.00 | 141.85 | 242.85 | OK | |
| r-devel-linux-x86_64-fedora-gcc | 0.2.9 | 105.00 | 127.80 | 232.80 | OK | |
| r-devel-windows-x86_64 | 0.2.9 | 128.00 | 78.00 | 206.00 | OK | |
| r-patched-linux-x86_64 | 0.2.9 | 103.12 | 29.20 | 132.32 | OK | |
| r-release-linux-x86_64 | 0.2.9 | 105.19 | 29.32 | 134.51 | OK | |
| r-release-macos-arm64 | 0.2.9 | 34.00 | 18.00 | 52.00 | OK | |
| r-release-macos-x86_64 | 0.2.9 | 50.00 | 31.00 | 81.00 | OK | |
| r-release-windows-x86_64 | 0.2.9 | 113.00 | 82.00 | 195.00 | OK | |
| r-oldrel-macos-arm64 | 0.2.9 | 34.00 | 23.00 | 57.00 | NOTE | |
| r-oldrel-macos-x86_64 | 0.2.9 | 43.00 | 31.00 | 74.00 | NOTE | |
| r-oldrel-windows-x86_64 | 0.2.9 | 134.00 | 87.00 | 221.00 | OK |
Version: 0.2.9
Check: installed package size
Result: NOTE
installed size is 7.2Mb
sub-directories of 1Mb or more:
libs 6.8Mb
Flavors: r-oldrel-macos-arm64, r-oldrel-macos-x86_64