CRAN Package Check Results for Package RcppGSL

Last updated on 2025-11-11 02:50:50 CET.

Flavor Version Tinstall Tcheck Ttotal Status Flags
r-devel-linux-x86_64-debian-clang 0.3.13 14.26 34.12 48.38 NOTE
r-devel-linux-x86_64-debian-gcc 0.3.13 9.74 27.65 37.39 NOTE
r-devel-linux-x86_64-fedora-clang 0.3.13 40.00 40.60 80.60 OK
r-devel-linux-x86_64-fedora-gcc 0.3.13 19.00 67.29 86.29 OK
r-devel-windows-x86_64 0.3.13 19.00 99.00 118.00 OK
r-patched-linux-x86_64 0.3.13 13.16 32.21 45.37 OK
r-release-linux-x86_64 0.3.13 13.64 31.98 45.62 OK
r-release-macos-arm64 0.3.13 9.00 37.00 46.00 OK
r-release-macos-x86_64 0.3.13 13.00 84.00 97.00 OK
r-release-windows-x86_64 0.3.13 18.00 104.00 122.00 OK
r-oldrel-macos-arm64 0.3.13 8.00 45.00 53.00 OK
r-oldrel-macos-x86_64 0.3.13 11.00 55.00 66.00 OK
r-oldrel-windows-x86_64 0.3.13 19.00 146.00 165.00 OK

Check Details

Version: 0.3.13
Check: CRAN incoming feasibility
Result: NOTE Maintainer: ‘Dirk Eddelbuettel <edd@debian.org>’ No Authors@R field in DESCRIPTION. Please add one, modifying Authors@R: c(person(given = "Dirk", family = "Eddelbuettel", role = c("aut", "cre"), email = "edd@debian.org"), person(given = "Romain", family = "Francois", role = "aut")) as necessary. Flavors: r-devel-linux-x86_64-debian-clang, r-devel-linux-x86_64-debian-gcc