Last updated on 2025-10-21 02:49:33 CEST.
Flavor | Version | Tinstall | Tcheck | Ttotal | Status | Flags |
---|---|---|---|---|---|---|
r-devel-linux-x86_64-debian-clang | 0.3-6 | 15.15 | 122.28 | 137.43 | NOTE | |
r-devel-linux-x86_64-debian-gcc | 0.3-6 | 11.19 | 83.22 | 94.41 | NOTE | |
r-devel-linux-x86_64-fedora-clang | 0.3-6 | 219.41 | NOTE | |||
r-devel-linux-x86_64-fedora-gcc | 0.3-6 | 203.30 | NOTE | |||
r-devel-windows-x86_64 | 0.3-6 | 16.00 | 120.00 | 136.00 | NOTE | |
r-patched-linux-x86_64 | 0.3-6 | 15.24 | 114.95 | 130.19 | NOTE | |
r-release-linux-x86_64 | 0.3-6 | 14.11 | 115.29 | 129.40 | NOTE | |
r-release-macos-arm64 | 0.3-6 | 61.00 | NOTE | |||
r-release-macos-x86_64 | 0.3-6 | 115.00 | NOTE | |||
r-release-windows-x86_64 | 0.3-6 | 17.00 | 117.00 | 134.00 | NOTE | |
r-oldrel-macos-arm64 | 0.3-6 | 48.00 | NOTE | |||
r-oldrel-macos-x86_64 | 0.3-6 | 78.00 | NOTE | |||
r-oldrel-windows-x86_64 | 0.3-6 | 22.00 | 148.00 | 170.00 | NOTE |
Version: 0.3-6
Check: Rd files
Result: NOTE
checkRd: (-1) Rchoice.Rd:159: Lost braces; missing escapes or markup?
159 | \code{ranp}. If the parameters are assumed to be normally distributed \eqn{\beta_i ~ N(\beta, \Sigma)}, then the random parameter are constructed as: \deqn{\beta_{ir}=\beta+L\omega_{ir}} where \eqn{LL'=\Sigma} and \eqn{\omega_{ir}} is the {r}-th draw from standard normal distribution for individual \eqn{i}.
| ^
Flavors: r-devel-linux-x86_64-debian-clang, r-devel-linux-x86_64-debian-gcc, r-devel-linux-x86_64-fedora-clang, r-devel-linux-x86_64-fedora-gcc, r-devel-windows-x86_64, r-patched-linux-x86_64, r-release-linux-x86_64, r-release-macos-arm64, r-release-macos-x86_64, r-release-windows-x86_64, r-oldrel-macos-arm64, r-oldrel-macos-x86_64, r-oldrel-windows-x86_64
Version: 0.3-6
Check: top-level files
Result: NOTE
Found the following validation problem for the NEWS.Rd HTML conversion:
NEWS.html:212:1 (inst/NEWS.Rd:90): Warning: missing </ul> before </div>
NEWS.html:43:1 (inst/NEWS.Rd:15): Warning: <h4> anchor "NEW-FEATURES" already defined
NEWS.html:73:1 (inst/NEWS.Rd:28): Warning: <h4> anchor "NEW-FEATURES" already defined
NEWS.html:88:1 (inst/NEWS.Rd:36): Warning: <h4> anchor "NEW-FEATURES" already defined
NEWS.html:112:1 (inst/NEWS.Rd:47): Warning: <h4> anchor "NEW-FEATURES" already defined
NEWS.html:127:1 (inst/NEWS.Rd:55): Warning: <h4> anchor "NEW-FEATURES" already defined
NEWS.html:153:1 (inst/NEWS.Rd:68): Warning: <h4> anchor "NEW-FEATURES" already defined
NEWS.html:180:1 (inst/NEWS.Rd:80): Warning: <h4> anchor "NEW-FEATURES" already defined
Flavor: r-devel-linux-x86_64-debian-gcc
Version: 0.3-6
Check: HTML version of manual
Result: NOTE
Found the following HTML validation problems:
rFormula.html:77:1 (rFormula.Rd:29): Warning: missing </ul> before </div>
Flavor: r-devel-linux-x86_64-debian-gcc