Last updated on 2025-11-12 01:49:08 CET.
| Flavor | Version | Tinstall | Tcheck | Ttotal | Status | Flags |
|---|---|---|---|---|---|---|
| r-devel-linux-x86_64-debian-clang | 1.0 | 82.19 | 30.36 | 112.55 | OK | |
| r-devel-linux-x86_64-debian-gcc | 1.0 | 57.11 | 23.64 | 80.75 | OK | |
| r-devel-linux-x86_64-fedora-clang | 1.0 | 156.00 | 42.81 | 198.81 | OK | |
| r-devel-linux-x86_64-fedora-gcc | 1.0 | 121.00 | 75.96 | 196.96 | OK | |
| r-devel-windows-x86_64 | 1.0 | 87.00 | 79.00 | 166.00 | OK | |
| r-patched-linux-x86_64 | 1.0 | 87.25 | 27.69 | 114.94 | OK | |
| r-release-linux-x86_64 | 1.0 | 83.87 | 27.69 | 111.56 | OK | |
| r-release-macos-arm64 | 1.0 | 26.00 | 17.00 | 43.00 | OK | |
| r-release-macos-x86_64 | 1.0 | 24.00 | 27.00 | 51.00 | OK | |
| r-release-windows-x86_64 | 1.0 | 89.00 | 85.00 | 174.00 | OK | |
| r-oldrel-macos-arm64 | 1.0 | 30.00 | 22.00 | 52.00 | NOTE | |
| r-oldrel-macos-x86_64 | 1.0 | 36.00 | 41.00 | 77.00 | NOTE | |
| r-oldrel-windows-x86_64 | 1.0 | 88.00 | 109.00 | 197.00 | OK |
Version: 1.0
Check: installed package size
Result: NOTE
installed size is 6.5Mb
sub-directories of 1Mb or more:
libs 5.8Mb
Flavors: r-oldrel-macos-arm64, r-oldrel-macos-x86_64