Last updated on 2025-11-12 00:50:40 CET.
| Flavor | Version | Tinstall | Tcheck | Ttotal | Status | Flags |
|---|---|---|---|---|---|---|
| r-devel-linux-x86_64-debian-clang | 1.2.9 | 317.95 | 553.82 | 871.77 | OK | |
| r-devel-linux-x86_64-debian-gcc | 1.2.9 | 202.78 | 360.67 | 563.45 | OK | |
| r-devel-linux-x86_64-fedora-clang | 1.2.9 | 502.00 | 1013.84 | 1515.84 | OK | |
| r-devel-linux-x86_64-fedora-gcc | 1.2.9 | 323.00 | 1126.08 | 1449.08 | OK | |
| r-devel-windows-x86_64 | 1.2.9 | 391.00 | 619.00 | 1010.00 | OK | |
| r-patched-linux-x86_64 | 1.2.9 | 323.53 | 537.92 | 861.45 | OK | |
| r-release-linux-x86_64 | 1.2.9 | 313.64 | 535.09 | 848.73 | OK | |
| r-release-macos-arm64 | 1.2.9 | 107.00 | 292.00 | 399.00 | OK | |
| r-release-macos-x86_64 | 1.2.9 | 91.00 | 575.00 | 666.00 | OK | |
| r-release-windows-x86_64 | 1.2.9 | 379.00 | 616.00 | 995.00 | OK | |
| r-oldrel-macos-arm64 | 1.2.9 | 120.00 | 279.00 | 399.00 | NOTE | |
| r-oldrel-macos-x86_64 | 1.2.9 | 92.00 | 435.00 | 527.00 | NOTE | |
| r-oldrel-windows-x86_64 | 1.2.9 | 438.00 | 764.00 | 1202.00 | NOTE |
Version: 1.2.9
Check: installed package size
Result: NOTE
installed size is 25.1Mb
sub-directories of 1Mb or more:
doc 5.3Mb
htmlwidgets 1.8Mb
libs 16.0Mb
Flavors: r-oldrel-macos-arm64, r-oldrel-macos-x86_64, r-oldrel-windows-x86_64