Last updated on 2025-11-12 01:49:10 CET.
| Flavor | Version | Tinstall | Tcheck | Ttotal | Status | Flags |
|---|---|---|---|---|---|---|
| r-devel-linux-x86_64-debian-clang | 0.16-2 | 137.80 | 64.50 | 202.30 | OK | |
| r-devel-linux-x86_64-debian-gcc | 0.16-2 | 129.88 | 58.14 | 188.02 | OK | |
| r-devel-linux-x86_64-fedora-clang | 0.16-2 | 128.00 | 204.63 | 332.63 | OK | |
| r-devel-linux-x86_64-fedora-gcc | 0.16-2 | 234.00 | 229.00 | 463.00 | OK | |
| r-devel-windows-x86_64 | 0.16-2 | 155.00 | 107.00 | 262.00 | OK | |
| r-patched-linux-x86_64 | 0.16-2 | 186.63 | 73.54 | 260.17 | OK | |
| r-release-linux-x86_64 | 0.16-2 | 183.71 | 73.74 | 257.45 | OK | |
| r-release-macos-arm64 | 0.16-2 | 66.00 | 51.00 | 117.00 | OK | |
| r-release-macos-x86_64 | 0.16-2 | 59.00 | 87.00 | 146.00 | OK | |
| r-release-windows-x86_64 | 0.16-2 | 153.00 | 104.00 | 257.00 | OK | |
| r-oldrel-macos-arm64 | 0.16-2 | 64.00 | 40.00 | 104.00 | NOTE | |
| r-oldrel-macos-x86_64 | 0.16-2 | 99.00 | 114.00 | 213.00 | NOTE | |
| r-oldrel-windows-x86_64 | 0.16-2 | 183.00 | 132.00 | 315.00 | OK |
Version: 0.16-2
Check: installed package size
Result: NOTE
installed size is 46.6Mb
sub-directories of 1Mb or more:
libs 46.0Mb
Flavors: r-oldrel-macos-arm64, r-oldrel-macos-x86_64