Last updated on 2025-11-12 01:49:10 CET.
| Flavor | Version | Tinstall | Tcheck | Ttotal | Status | Flags |
|---|---|---|---|---|---|---|
| r-devel-linux-x86_64-debian-clang | 2.4.4 | 131.75 | 71.68 | 203.43 | OK | |
| r-devel-linux-x86_64-debian-gcc | 2.4.4 | 98.17 | 52.20 | 150.37 | OK | |
| r-devel-linux-x86_64-fedora-clang | 2.4.4 | 600.00 | -226.67 | 373.33 | OK | |
| r-devel-linux-x86_64-fedora-gcc | 2.4.4 | 321.00 | 59.34 | 380.34 | OK | |
| r-devel-windows-x86_64 | 2.4.3 | 237.00 | 119.00 | 356.00 | OK | |
| r-patched-linux-x86_64 | 2.4.3 | 177.98 | 67.31 | 245.29 | OK | |
| r-release-linux-x86_64 | 2.4.3 | 173.20 | 68.28 | 241.48 | OK | |
| r-release-macos-arm64 | 2.4.4 | 57.00 | 45.00 | 102.00 | OK | |
| r-release-macos-x86_64 | 2.4.4 | 142.00 | 111.00 | 253.00 | OK | |
| r-release-windows-x86_64 | 2.4.3 | 221.00 | 115.00 | 336.00 | OK | |
| r-oldrel-macos-arm64 | 2.4.4 | 56.00 | 50.00 | 106.00 | NOTE | |
| r-oldrel-macos-x86_64 | 2.4.4 | 136.00 | 130.00 | 266.00 | NOTE | |
| r-oldrel-windows-x86_64 | 2.4.3 | 5.00 | 10.00 | 15.00 | ERROR |
Version: 2.4.4
Check: installed package size
Result: NOTE
installed size is 12.6Mb
sub-directories of 1Mb or more:
libs 11.8Mb
Flavors: r-oldrel-macos-arm64, r-oldrel-macos-x86_64
Version: 2.4.3
Check: whether package can be installed
Result: ERROR
Installation failed.
Flavor: r-oldrel-windows-x86_64